{"id":1638,"date":"2021-05-17T21:03:19","date_gmt":"2021-05-17T18:03:19","guid":{"rendered":"https:\/\/pre.cdev.ee\/kapitel\/portfell\/panorama-kaubanduskeskus\/"},"modified":"2025-12-19T12:07:26","modified_gmt":"2025-12-19T10:07:26","slug":"panorama-kaubanduskeskus","status":"publish","type":"portfell","link":"https:\/\/kapitel.ee\/et\/kaubandus\/panorama-kaubanduskeskus\/","title":{"rendered":"Panorama"},"content":{"rendered":"<p>Meie portfelli suurim kaubanduskeskus Panorama asub Vilniuse kesklinna \u00fches vanemas ja mainekamas \u00e4ri- ja elurajoonis \u017dv\u0117rynases. 65\u202f000 m\u00b2 suurune keskus pakub mitmekesist valikut kaubandus- ja toitlustusteenuseid, koondades ligi 200 kauplust ja teenusepakkujat, sealhulgas rahvusvahelisi moebr\u00e4nde, valitud butiike ja elustiilipoode. K\u00fclastajaid ootab enam kui 23 kohvikut ja restorani, pakkudes rohkelt kulinaarseid elamusi.<\/p>\n<p>2023. aastal l\u00e4bis Panorama ulatusliku, oma 15-aastase ajaloo suurima uuenduskuuri, mille koguinvesteering oli ligi 15 miljonit eurot. Uuendusprojekti tulemusel v\u00e4rskendati interj\u00f6\u00f6r, tehnos\u00fcsteemid ning loodi uusi peres\u00f5bralikke alasid, pakkudes k\u00fclastajatele veelgi terviklikumat ja mugavamat ostukogemust.<\/p>\n","protected":false},"excerpt":{"rendered":"<p>Modernne kaubanduskeskus enam kui 200 kaupluse ja restoraniga moe-, toidu- ja kultuuriarmastajatele. Siin on alati mugav ostukeskkond.<\/p>\n","protected":false},"featured_media":1671,"template":"","meta":{"_acf_changed":false},"kategooria":[23],"class_list":["post-1638","portfell","type-portfell","status-publish","has-post-thumbnail","hentry","kategooria-kaubandus","entry"],"acf":[],"yoast_head":"<!-- This site is optimized with the Yoast SEO plugin v27.1 - https:\/\/yoast.com\/product\/yoast-seo-wordpress\/ -->\n<title>Panorama - Kapitel<\/title>\n<meta name=\"robots\" content=\"index, follow, max-snippet:-1, max-image-preview:large, max-video-preview:-1\" \/>\n<link rel=\"canonical\" href=\"https:\/\/kapitel.ee\/et\/kaubandus\/panorama-kaubanduskeskus\/\" \/>\n<meta property=\"og:locale\" content=\"et_EE\" \/>\n<meta property=\"og:type\" content=\"article\" \/>\n<meta property=\"og:title\" content=\"Panorama - Kapitel\" \/>\n<meta property=\"og:description\" content=\"Modernne kaubanduskeskus enam kui 200 kaupluse ja restoraniga moe-, toidu- ja kultuuriarmastajatele. Siin on alati mugav ostukeskkond.\" \/>\n<meta property=\"og:url\" content=\"https:\/\/kapitel.ee\/et\/kaubandus\/panorama-kaubanduskeskus\/\" \/>\n<meta property=\"og:site_name\" content=\"Kapitel\" \/>\n<meta property=\"article:modified_time\" content=\"2025-12-19T10:07:26+00:00\" \/>\n<meta property=\"og:image\" content=\"https:\/\/kapitel.ee\/wp-content\/uploads\/2025\/06\/Panorama-tunnusp-scaled-1.jpg\" \/>\n\t<meta property=\"og:image:width\" content=\"2560\" \/>\n\t<meta property=\"og:image:height\" content=\"1439\" \/>\n\t<meta property=\"og:image:type\" content=\"image\/jpeg\" \/>\n<meta name=\"twitter:card\" content=\"summary_large_image\" \/>\n<meta name=\"twitter:label1\" content=\"Est. reading time\" \/>\n\t<meta name=\"twitter:data1\" content=\"4 minutit\" \/>\n<script type=\"application\/ld+json\" class=\"yoast-schema-graph\">{\"@context\":\"https:\/\/schema.org\",\"@graph\":[{\"@type\":\"WebPage\",\"@id\":\"https:\/\/kapitel.ee\/et\/kaubandus\/panorama-kaubanduskeskus\/\",\"url\":\"https:\/\/kapitel.ee\/et\/kaubandus\/panorama-kaubanduskeskus\/\",\"name\":\"Panorama - Kapitel\",\"isPartOf\":{\"@id\":\"https:\/\/kapitel.ee\/#website\"},\"primaryImageOfPage\":{\"@id\":\"https:\/\/kapitel.ee\/et\/kaubandus\/panorama-kaubanduskeskus\/#primaryimage\"},\"image\":{\"@id\":\"https:\/\/kapitel.ee\/et\/kaubandus\/panorama-kaubanduskeskus\/#primaryimage\"},\"thumbnailUrl\":\"https:\/\/kapitel.ee\/wp-content\/uploads\/2025\/06\/Panorama-tunnusp-scaled-1.jpg\",\"datePublished\":\"2021-05-17T18:03:19+00:00\",\"dateModified\":\"2025-12-19T10:07:26+00:00\",\"breadcrumb\":{\"@id\":\"https:\/\/kapitel.ee\/et\/kaubandus\/panorama-kaubanduskeskus\/#breadcrumb\"},\"inLanguage\":\"et\",\"potentialAction\":[{\"@type\":\"ReadAction\",\"target\":[\"https:\/\/kapitel.ee\/et\/kaubandus\/panorama-kaubanduskeskus\/\"]}]},{\"@type\":\"ImageObject\",\"inLanguage\":\"et\",\"@id\":\"https:\/\/kapitel.ee\/et\/kaubandus\/panorama-kaubanduskeskus\/#primaryimage\",\"url\":\"https:\/\/kapitel.ee\/wp-content\/uploads\/2025\/06\/Panorama-tunnusp-scaled-1.jpg\",\"contentUrl\":\"https:\/\/kapitel.ee\/wp-content\/uploads\/2025\/06\/Panorama-tunnusp-scaled-1.jpg\",\"width\":2560,\"height\":1439},{\"@type\":\"BreadcrumbList\",\"@id\":\"https:\/\/kapitel.ee\/et\/kaubandus\/panorama-kaubanduskeskus\/#breadcrumb\",\"itemListElement\":[{\"@type\":\"ListItem\",\"position\":1,\"name\":\"Home\",\"item\":\"https:\/\/kapitel.ee\/et\/\"},{\"@type\":\"ListItem\",\"position\":2,\"name\":\"Panorama\"}]},{\"@type\":\"WebSite\",\"@id\":\"https:\/\/kapitel.ee\/#website\",\"url\":\"https:\/\/kapitel.ee\/\",\"name\":\"Kapitel\",\"description\":\"\",\"publisher\":{\"@id\":\"https:\/\/kapitel.ee\/#organization\"},\"potentialAction\":[{\"@type\":\"SearchAction\",\"target\":{\"@type\":\"EntryPoint\",\"urlTemplate\":\"https:\/\/kapitel.ee\/?s={search_term_string}\"},\"query-input\":{\"@type\":\"PropertyValueSpecification\",\"valueRequired\":true,\"valueName\":\"search_term_string\"}}],\"inLanguage\":\"et\"},{\"@type\":\"Organization\",\"@id\":\"https:\/\/kapitel.ee\/#organization\",\"name\":\"Kapitel\",\"url\":\"https:\/\/kapitel.ee\/\",\"logo\":{\"@type\":\"ImageObject\",\"inLanguage\":\"et\",\"@id\":\"https:\/\/kapitel.ee\/#\/schema\/logo\/image\/\",\"url\":\"https:\/\/kapitel.ee\/wp-content\/uploads\/2025\/06\/logo.svg\",\"contentUrl\":\"https:\/\/kapitel.ee\/wp-content\/uploads\/2025\/06\/logo.svg\",\"caption\":\"Kapitel\"},\"image\":{\"@id\":\"https:\/\/kapitel.ee\/#\/schema\/logo\/image\/\"}}]}<\/script>\n<!-- \/ Yoast SEO plugin. -->","yoast_head_json":{"title":"Panorama - Kapitel","robots":{"index":"index","follow":"follow","max-snippet":"max-snippet:-1","max-image-preview":"max-image-preview:large","max-video-preview":"max-video-preview:-1"},"canonical":"https:\/\/kapitel.ee\/et\/kaubandus\/panorama-kaubanduskeskus\/","og_locale":"et_EE","og_type":"article","og_title":"Panorama - Kapitel","og_description":"Modernne kaubanduskeskus enam kui 200 kaupluse ja restoraniga moe-, toidu- ja kultuuriarmastajatele. Siin on alati mugav ostukeskkond.","og_url":"https:\/\/kapitel.ee\/et\/kaubandus\/panorama-kaubanduskeskus\/","og_site_name":"Kapitel","article_modified_time":"2025-12-19T10:07:26+00:00","og_image":[{"width":2560,"height":1439,"url":"https:\/\/kapitel.ee\/wp-content\/uploads\/2025\/06\/Panorama-tunnusp-scaled-1.jpg","type":"image\/jpeg"}],"twitter_card":"summary_large_image","twitter_misc":{"Est. reading time":"4 minutit"},"schema":{"@context":"https:\/\/schema.org","@graph":[{"@type":"WebPage","@id":"https:\/\/kapitel.ee\/et\/kaubandus\/panorama-kaubanduskeskus\/","url":"https:\/\/kapitel.ee\/et\/kaubandus\/panorama-kaubanduskeskus\/","name":"Panorama - Kapitel","isPartOf":{"@id":"https:\/\/kapitel.ee\/#website"},"primaryImageOfPage":{"@id":"https:\/\/kapitel.ee\/et\/kaubandus\/panorama-kaubanduskeskus\/#primaryimage"},"image":{"@id":"https:\/\/kapitel.ee\/et\/kaubandus\/panorama-kaubanduskeskus\/#primaryimage"},"thumbnailUrl":"https:\/\/kapitel.ee\/wp-content\/uploads\/2025\/06\/Panorama-tunnusp-scaled-1.jpg","datePublished":"2021-05-17T18:03:19+00:00","dateModified":"2025-12-19T10:07:26+00:00","breadcrumb":{"@id":"https:\/\/kapitel.ee\/et\/kaubandus\/panorama-kaubanduskeskus\/#breadcrumb"},"inLanguage":"et","potentialAction":[{"@type":"ReadAction","target":["https:\/\/kapitel.ee\/et\/kaubandus\/panorama-kaubanduskeskus\/"]}]},{"@type":"ImageObject","inLanguage":"et","@id":"https:\/\/kapitel.ee\/et\/kaubandus\/panorama-kaubanduskeskus\/#primaryimage","url":"https:\/\/kapitel.ee\/wp-content\/uploads\/2025\/06\/Panorama-tunnusp-scaled-1.jpg","contentUrl":"https:\/\/kapitel.ee\/wp-content\/uploads\/2025\/06\/Panorama-tunnusp-scaled-1.jpg","width":2560,"height":1439},{"@type":"BreadcrumbList","@id":"https:\/\/kapitel.ee\/et\/kaubandus\/panorama-kaubanduskeskus\/#breadcrumb","itemListElement":[{"@type":"ListItem","position":1,"name":"Home","item":"https:\/\/kapitel.ee\/et\/"},{"@type":"ListItem","position":2,"name":"Panorama"}]},{"@type":"WebSite","@id":"https:\/\/kapitel.ee\/#website","url":"https:\/\/kapitel.ee\/","name":"Kapitel","description":"","publisher":{"@id":"https:\/\/kapitel.ee\/#organization"},"potentialAction":[{"@type":"SearchAction","target":{"@type":"EntryPoint","urlTemplate":"https:\/\/kapitel.ee\/?s={search_term_string}"},"query-input":{"@type":"PropertyValueSpecification","valueRequired":true,"valueName":"search_term_string"}}],"inLanguage":"et"},{"@type":"Organization","@id":"https:\/\/kapitel.ee\/#organization","name":"Kapitel","url":"https:\/\/kapitel.ee\/","logo":{"@type":"ImageObject","inLanguage":"et","@id":"https:\/\/kapitel.ee\/#\/schema\/logo\/image\/","url":"https:\/\/kapitel.ee\/wp-content\/uploads\/2025\/06\/logo.svg","contentUrl":"https:\/\/kapitel.ee\/wp-content\/uploads\/2025\/06\/logo.svg","caption":"Kapitel"},"image":{"@id":"https:\/\/kapitel.ee\/#\/schema\/logo\/image\/"}}]}},"_links":{"self":[{"href":"https:\/\/kapitel.ee\/et\/wp-json\/wp\/v2\/portfell\/1638","targetHints":{"allow":["GET"]}}],"collection":[{"href":"https:\/\/kapitel.ee\/et\/wp-json\/wp\/v2\/portfell"}],"about":[{"href":"https:\/\/kapitel.ee\/et\/wp-json\/wp\/v2\/types\/portfell"}],"wp:featuredmedia":[{"embeddable":true,"href":"https:\/\/kapitel.ee\/et\/wp-json\/wp\/v2\/media\/1671"}],"wp:attachment":[{"href":"https:\/\/kapitel.ee\/et\/wp-json\/wp\/v2\/media?parent=1638"}],"wp:term":[{"taxonomy":"kategooria","embeddable":true,"href":"https:\/\/kapitel.ee\/et\/wp-json\/wp\/v2\/kategooria?post=1638"}],"curies":[{"name":"wp","href":"https:\/\/api.w.org\/{rel}","templated":true}]}}

<p>Meie portfelli suurim kaubanduskeskus Panorama asub Vilniuse kesklinna ühes vanemas ja mainekamas äri- ja elurajoonis Žvėrynases. 65 000 m² suurune keskus pakub mitmekesist valikut kaubandus- ja toitlustusteenuseid, koondades ligi 200 kauplust ja teenusepakkujat, sealhulgas rahvusvahelisi moebrände, valitud butiike ja elustiilipoode. Külastajaid ootab enam kui 23 kohvikut ja restorani, pakkudes rohkelt kulinaarseid elamusi.</p>
<p>2023. aastal läbis Panorama ulatusliku, oma 15-aastase ajaloo suurima uuenduskuuri, mille koguinvesteering oli ligi 15 miljonit eurot. Uuendusprojekti tulemusel värskendati interjöör, tehnosüsteemid ning loodi uusi peresõbralikke alasid, pakkudes külastajatele veelgi terviklikumat ja mugavamat ostukogemust.</p>
