{"id":1746,"date":"2021-05-17T21:52:58","date_gmt":"2021-05-17T18:52:58","guid":{"rendered":"https:\/\/pre.cdev.ee\/kapitel\/portfell\/rukki-tee-5-logistikakeskus\/"},"modified":"2025-08-06T13:23:41","modified_gmt":"2025-08-06T10:23:41","slug":"rukki-tee-5-logistikakeskus","status":"publish","type":"portfell","link":"https:\/\/kapitel.ee\/et\/toostuskinnisvara\/rukki-tee-5-logistikakeskus\/","title":{"rendered":"Rukki tee 5 logistikakeskus"},"content":{"rendered":"<p>Modernne A-klassi logistikakeskus, mida on tunnustatud BREEAM rohesertifikaadiga tasemel \u201eVery Good\u201c, asub Rukki tehnopargis, parimas logistilises asukohas Tallinna ringteel Rae vallas Tallinn-Tartu maantee ja Tallinna ringtee ristmikul.<span class=\"TextRun SCXW145282400 BCX0\" lang=\"ET-EE\" data-contrast=\"auto\"><span class=\"NormalTextRun SCXW145282400 BCX0\"> Logistikakeskus paikneb k\u00f5igest m\u00f5ne kilomeetri kaugusel Tallinna linna piirist. 10 000 m\u00b2<\/span><\/span><span class=\"TextRun SCXW145282400 BCX0\" lang=\"ET-EE\" data-contrast=\"auto\"><span class=\"NormalTextRun SCXW145282400 BCX0\">\u00a0\u00fc\u00fcripinnaga logistikakeskuses on<\/span><\/span><span class=\"TextRun SCXW145282400 BCX0\" data-contrast=\"auto\"><span class=\"NormalTextRun SCXW145282400 BCX0\">\u00a0<\/span><\/span><span class=\"TextRun SCXW145282400 BCX0\" lang=\"ET-EE\" data-contrast=\"auto\"><span class=\"NormalTextRun SCXW145282400 BCX0\">energias\u00e4\u00e4stlikud liikumisanduritega LED-valgustid, teleskoopkeelega v\u00e4limised laadimissillad, 10,5-meetrine ladustamisk\u00f5rgus ja 80\u00a0<\/span><span class=\"NormalTextRun SpellingErrorV2 SCXW145282400 BCX0\">kN<\/span><span class=\"NormalTextRun SCXW145282400 BCX0\">\/m\u00b2<\/span><\/span><span class=\"TextRun SCXW145282400 BCX0\" lang=\"ET-EE\" data-contrast=\"auto\"><span class=\"NormalTextRun SCXW145282400 BCX0\">\u00a0kandev\u00f5imega\u00a0<\/span><span class=\"NormalTextRun SCXW145282400 BCX0\">k\u00f5rglao<\/span><span class=\"NormalTextRun SCXW145282400 BCX0\">\u00a0p\u00f5randad. Keskuse t\u00f6\u00f6tajatele ja k\u00fclastajatele tagavad mugava parkimise 80 parkimiskohta.<\/span><\/span><span class=\"EOP SCXW145282400 BCX0\" data-ccp-props=\"{}\">\u00a0<\/span><\/p>\n","protected":false},"excerpt":{"rendered":"<p>A-klassi logistikakeskus asub Rukki tehnopargis Tallinna Ringteel Rae vallas. 9 900 m\u00b2 \u00fc\u00fcripinnaga ja BREEAM rohesertifikaadiga tasemel Very Good tunnustatud logistikakeskuses on energia- ja keskkonnas\u00e4\u00e4stlikud ning inims\u00f5bralikud kaasaegsed lahendused.<\/p>\n","protected":false},"featured_media":1747,"template":"","meta":{"_acf_changed":false},"kategooria":[24],"class_list":["post-1746","portfell","type-portfell","status-publish","has-post-thumbnail","hentry","kategooria-toostuskinnisvara","entry"],"acf":[],"yoast_head":"<!-- This site is optimized with the Yoast SEO plugin v27.1 - https:\/\/yoast.com\/product\/yoast-seo-wordpress\/ -->\n<title>Rukki tee 5 logistikakeskus - Kapitel<\/title>\n<meta name=\"robots\" content=\"index, follow, max-snippet:-1, max-image-preview:large, max-video-preview:-1\" \/>\n<link rel=\"canonical\" href=\"https:\/\/kapitel.ee\/toostuskinnisvara\/rukki-tee-5-logistikakeskus\/\" \/>\n<meta property=\"og:locale\" content=\"et_EE\" \/>\n<meta property=\"og:type\" content=\"article\" \/>\n<meta property=\"og:title\" content=\"Rukki tee 5 logistikakeskus - Kapitel\" \/>\n<meta property=\"og:description\" content=\"A-klassi logistikakeskus asub Rukki tehnopargis Tallinna Ringteel Rae vallas. 9 900 m\u00b2 \u00fc\u00fcripinnaga ja BREEAM rohesertifikaadiga tasemel Very Good tunnustatud logistikakeskuses on energia- ja keskkonnas\u00e4\u00e4stlikud ning inims\u00f5bralikud kaasaegsed lahendused.\" \/>\n<meta property=\"og:url\" content=\"https:\/\/kapitel.ee\/toostuskinnisvara\/rukki-tee-5-logistikakeskus\/\" \/>\n<meta property=\"og:site_name\" content=\"Kapitel\" \/>\n<meta property=\"article:modified_time\" content=\"2025-08-06T10:23:41+00:00\" \/>\n<meta property=\"og:image\" content=\"https:\/\/kapitel.ee\/wp-content\/uploads\/2025\/06\/Rukki-tee-5-scaled-1.jpeg\" \/>\n\t<meta property=\"og:image:width\" content=\"2560\" \/>\n\t<meta property=\"og:image:height\" content=\"1920\" \/>\n\t<meta property=\"og:image:type\" content=\"image\/jpeg\" \/>\n<meta name=\"twitter:card\" content=\"summary_large_image\" \/>\n<meta name=\"twitter:label1\" content=\"Est. reading time\" \/>\n\t<meta name=\"twitter:data1\" content=\"1 minut\" \/>\n<script type=\"application\/ld+json\" class=\"yoast-schema-graph\">{\"@context\":\"https:\/\/schema.org\",\"@graph\":[{\"@type\":\"WebPage\",\"@id\":\"https:\/\/kapitel.ee\/toostuskinnisvara\/rukki-tee-5-logistikakeskus\/\",\"url\":\"https:\/\/kapitel.ee\/toostuskinnisvara\/rukki-tee-5-logistikakeskus\/\",\"name\":\"Rukki tee 5 logistikakeskus - Kapitel\",\"isPartOf\":{\"@id\":\"https:\/\/kapitel.ee\/#website\"},\"primaryImageOfPage\":{\"@id\":\"https:\/\/kapitel.ee\/toostuskinnisvara\/rukki-tee-5-logistikakeskus\/#primaryimage\"},\"image\":{\"@id\":\"https:\/\/kapitel.ee\/toostuskinnisvara\/rukki-tee-5-logistikakeskus\/#primaryimage\"},\"thumbnailUrl\":\"https:\/\/kapitel.ee\/wp-content\/uploads\/2025\/06\/Rukki-tee-5-scaled-1.jpeg\",\"datePublished\":\"2021-05-17T18:52:58+00:00\",\"dateModified\":\"2025-08-06T10:23:41+00:00\",\"breadcrumb\":{\"@id\":\"https:\/\/kapitel.ee\/toostuskinnisvara\/rukki-tee-5-logistikakeskus\/#breadcrumb\"},\"inLanguage\":\"et\",\"potentialAction\":[{\"@type\":\"ReadAction\",\"target\":[\"https:\/\/kapitel.ee\/toostuskinnisvara\/rukki-tee-5-logistikakeskus\/\"]}]},{\"@type\":\"ImageObject\",\"inLanguage\":\"et\",\"@id\":\"https:\/\/kapitel.ee\/toostuskinnisvara\/rukki-tee-5-logistikakeskus\/#primaryimage\",\"url\":\"https:\/\/kapitel.ee\/wp-content\/uploads\/2025\/06\/Rukki-tee-5-scaled-1.jpeg\",\"contentUrl\":\"https:\/\/kapitel.ee\/wp-content\/uploads\/2025\/06\/Rukki-tee-5-scaled-1.jpeg\",\"width\":2560,\"height\":1920},{\"@type\":\"BreadcrumbList\",\"@id\":\"https:\/\/kapitel.ee\/toostuskinnisvara\/rukki-tee-5-logistikakeskus\/#breadcrumb\",\"itemListElement\":[{\"@type\":\"ListItem\",\"position\":1,\"name\":\"Home\",\"item\":\"https:\/\/kapitel.ee\/et\/\"},{\"@type\":\"ListItem\",\"position\":2,\"name\":\"Rukki tee 5 logistikakeskus\"}]},{\"@type\":\"WebSite\",\"@id\":\"https:\/\/kapitel.ee\/#website\",\"url\":\"https:\/\/kapitel.ee\/\",\"name\":\"Kapitel\",\"description\":\"\",\"publisher\":{\"@id\":\"https:\/\/kapitel.ee\/#organization\"},\"potentialAction\":[{\"@type\":\"SearchAction\",\"target\":{\"@type\":\"EntryPoint\",\"urlTemplate\":\"https:\/\/kapitel.ee\/?s={search_term_string}\"},\"query-input\":{\"@type\":\"PropertyValueSpecification\",\"valueRequired\":true,\"valueName\":\"search_term_string\"}}],\"inLanguage\":\"et\"},{\"@type\":\"Organization\",\"@id\":\"https:\/\/kapitel.ee\/#organization\",\"name\":\"Kapitel\",\"url\":\"https:\/\/kapitel.ee\/\",\"logo\":{\"@type\":\"ImageObject\",\"inLanguage\":\"et\",\"@id\":\"https:\/\/kapitel.ee\/#\/schema\/logo\/image\/\",\"url\":\"https:\/\/kapitel.ee\/wp-content\/uploads\/2025\/06\/logo.svg\",\"contentUrl\":\"https:\/\/kapitel.ee\/wp-content\/uploads\/2025\/06\/logo.svg\",\"caption\":\"Kapitel\"},\"image\":{\"@id\":\"https:\/\/kapitel.ee\/#\/schema\/logo\/image\/\"}}]}<\/script>\n<!-- \/ Yoast SEO plugin. -->","yoast_head_json":{"title":"Rukki tee 5 logistikakeskus - Kapitel","robots":{"index":"index","follow":"follow","max-snippet":"max-snippet:-1","max-image-preview":"max-image-preview:large","max-video-preview":"max-video-preview:-1"},"canonical":"https:\/\/kapitel.ee\/toostuskinnisvara\/rukki-tee-5-logistikakeskus\/","og_locale":"et_EE","og_type":"article","og_title":"Rukki tee 5 logistikakeskus - Kapitel","og_description":"A-klassi logistikakeskus asub Rukki tehnopargis Tallinna Ringteel Rae vallas. 9 900 m\u00b2 \u00fc\u00fcripinnaga ja BREEAM rohesertifikaadiga tasemel Very Good tunnustatud logistikakeskuses on energia- ja keskkonnas\u00e4\u00e4stlikud ning inims\u00f5bralikud kaasaegsed lahendused.","og_url":"https:\/\/kapitel.ee\/toostuskinnisvara\/rukki-tee-5-logistikakeskus\/","og_site_name":"Kapitel","article_modified_time":"2025-08-06T10:23:41+00:00","og_image":[{"width":2560,"height":1920,"url":"https:\/\/kapitel.ee\/wp-content\/uploads\/2025\/06\/Rukki-tee-5-scaled-1.jpeg","type":"image\/jpeg"}],"twitter_card":"summary_large_image","twitter_misc":{"Est. reading time":"1 minut"},"schema":{"@context":"https:\/\/schema.org","@graph":[{"@type":"WebPage","@id":"https:\/\/kapitel.ee\/toostuskinnisvara\/rukki-tee-5-logistikakeskus\/","url":"https:\/\/kapitel.ee\/toostuskinnisvara\/rukki-tee-5-logistikakeskus\/","name":"Rukki tee 5 logistikakeskus - Kapitel","isPartOf":{"@id":"https:\/\/kapitel.ee\/#website"},"primaryImageOfPage":{"@id":"https:\/\/kapitel.ee\/toostuskinnisvara\/rukki-tee-5-logistikakeskus\/#primaryimage"},"image":{"@id":"https:\/\/kapitel.ee\/toostuskinnisvara\/rukki-tee-5-logistikakeskus\/#primaryimage"},"thumbnailUrl":"https:\/\/kapitel.ee\/wp-content\/uploads\/2025\/06\/Rukki-tee-5-scaled-1.jpeg","datePublished":"2021-05-17T18:52:58+00:00","dateModified":"2025-08-06T10:23:41+00:00","breadcrumb":{"@id":"https:\/\/kapitel.ee\/toostuskinnisvara\/rukki-tee-5-logistikakeskus\/#breadcrumb"},"inLanguage":"et","potentialAction":[{"@type":"ReadAction","target":["https:\/\/kapitel.ee\/toostuskinnisvara\/rukki-tee-5-logistikakeskus\/"]}]},{"@type":"ImageObject","inLanguage":"et","@id":"https:\/\/kapitel.ee\/toostuskinnisvara\/rukki-tee-5-logistikakeskus\/#primaryimage","url":"https:\/\/kapitel.ee\/wp-content\/uploads\/2025\/06\/Rukki-tee-5-scaled-1.jpeg","contentUrl":"https:\/\/kapitel.ee\/wp-content\/uploads\/2025\/06\/Rukki-tee-5-scaled-1.jpeg","width":2560,"height":1920},{"@type":"BreadcrumbList","@id":"https:\/\/kapitel.ee\/toostuskinnisvara\/rukki-tee-5-logistikakeskus\/#breadcrumb","itemListElement":[{"@type":"ListItem","position":1,"name":"Home","item":"https:\/\/kapitel.ee\/et\/"},{"@type":"ListItem","position":2,"name":"Rukki tee 5 logistikakeskus"}]},{"@type":"WebSite","@id":"https:\/\/kapitel.ee\/#website","url":"https:\/\/kapitel.ee\/","name":"Kapitel","description":"","publisher":{"@id":"https:\/\/kapitel.ee\/#organization"},"potentialAction":[{"@type":"SearchAction","target":{"@type":"EntryPoint","urlTemplate":"https:\/\/kapitel.ee\/?s={search_term_string}"},"query-input":{"@type":"PropertyValueSpecification","valueRequired":true,"valueName":"search_term_string"}}],"inLanguage":"et"},{"@type":"Organization","@id":"https:\/\/kapitel.ee\/#organization","name":"Kapitel","url":"https:\/\/kapitel.ee\/","logo":{"@type":"ImageObject","inLanguage":"et","@id":"https:\/\/kapitel.ee\/#\/schema\/logo\/image\/","url":"https:\/\/kapitel.ee\/wp-content\/uploads\/2025\/06\/logo.svg","contentUrl":"https:\/\/kapitel.ee\/wp-content\/uploads\/2025\/06\/logo.svg","caption":"Kapitel"},"image":{"@id":"https:\/\/kapitel.ee\/#\/schema\/logo\/image\/"}}]}},"_links":{"self":[{"href":"https:\/\/kapitel.ee\/et\/wp-json\/wp\/v2\/portfell\/1746","targetHints":{"allow":["GET"]}}],"collection":[{"href":"https:\/\/kapitel.ee\/et\/wp-json\/wp\/v2\/portfell"}],"about":[{"href":"https:\/\/kapitel.ee\/et\/wp-json\/wp\/v2\/types\/portfell"}],"wp:featuredmedia":[{"embeddable":true,"href":"https:\/\/kapitel.ee\/et\/wp-json\/wp\/v2\/media\/1747"}],"wp:attachment":[{"href":"https:\/\/kapitel.ee\/et\/wp-json\/wp\/v2\/media?parent=1746"}],"wp:term":[{"taxonomy":"kategooria","embeddable":true,"href":"https:\/\/kapitel.ee\/et\/wp-json\/wp\/v2\/kategooria?post=1746"}],"curies":[{"name":"wp","href":"https:\/\/api.w.org\/{rel}","templated":true}]}}

<p>Modernne A-klassi logistikakeskus, mida on tunnustatud BREEAM rohesertifikaadiga tasemel „Very Good“, asub Rukki tehnopargis, parimas logistilises asukohas Tallinna ringteel Rae vallas Tallinn-Tartu maantee ja Tallinna ringtee ristmikul.<span class="TextRun SCXW145282400 BCX0" lang="ET-EE" data-contrast="auto"><span class="NormalTextRun SCXW145282400 BCX0"> Logistikakeskus paikneb kõigest mõne kilomeetri kaugusel Tallinna linna piirist. 10 000 m²</span></span><span class="TextRun SCXW145282400 BCX0" lang="ET-EE" data-contrast="auto"><span class="NormalTextRun SCXW145282400 BCX0"> üüripinnaga logistikakeskuses on</span></span><span class="TextRun SCXW145282400 BCX0" data-contrast="auto"><span class="NormalTextRun SCXW145282400 BCX0"> </span></span><span class="TextRun SCXW145282400 BCX0" lang="ET-EE" data-contrast="auto"><span class="NormalTextRun SCXW145282400 BCX0">energiasäästlikud liikumisanduritega LED-valgustid, teleskoopkeelega välimised laadimissillad, 10,5-meetrine ladustamiskõrgus ja 80 </span><span class="NormalTextRun SpellingErrorV2 SCXW145282400 BCX0">kN</span><span class="NormalTextRun SCXW145282400 BCX0">/m²</span></span><span class="TextRun SCXW145282400 BCX0" lang="ET-EE" data-contrast="auto"><span class="NormalTextRun SCXW145282400 BCX0"> kandevõimega </span><span class="NormalTextRun SCXW145282400 BCX0">kõrglao</span><span class="NormalTextRun SCXW145282400 BCX0"> põrandad. Keskuse töötajatele ja külastajatele tagavad mugava parkimise 80 parkimiskohta.</span></span><span class="EOP SCXW145282400 BCX0" data-ccp-props="{}"> </span></p>

<p>A-klassi logistikakeskus asub Rukki tehnopargis Tallinna Ringteel Rae vallas. 9 900 m² üüripinnaga ja BREEAM rohesertifikaadiga tasemel Very Good tunnustatud logistikakeskuses on energia- ja keskkonnasäästlikud ning inimsõbralikud kaasaegsed lahendused.</p>

<!-- This site is optimized with the Yoast SEO plugin v27.1 - https://yoast.com/product/yoast-seo-wordpress/ -->
<title>Rukki tee 5 logistikakeskus - Kapitel</title>
<meta name="robots" content="index, follow, max-snippet:-1, max-image-preview:large, max-video-preview:-1" />
<link rel="canonical" href="https://kapitel.ee/toostuskinnisvara/rukki-tee-5-logistikakeskus/" />
<meta property="og:locale" content="et_EE" />
<meta property="og:type" content="article" />
<meta property="og:title" content="Rukki tee 5 logistikakeskus - Kapitel" />
<meta property="og:description" content="A-klassi logistikakeskus asub Rukki tehnopargis Tallinna Ringteel Rae vallas. 9 900 m² üüripinnaga ja BREEAM rohesertifikaadiga tasemel Very Good tunnustatud logistikakeskuses on energia- ja keskkonnasäästlikud ning inimsõbralikud kaasaegsed lahendused." />
<meta property="og:url" content="https://kapitel.ee/toostuskinnisvara/rukki-tee-5-logistikakeskus/" />
<meta property="og:site_name" content="Kapitel" />
<meta property="article:modified_time" content="2025-08-06T10:23:41+00:00" />
<meta property="og:image" content="https://kapitel.ee/wp-content/uploads/2025/06/Rukki-tee-5-scaled-1.jpeg" />
	<meta property="og:image:width" content="2560" />
	<meta property="og:image:height" content="1920" />
	<meta property="og:image:type" content="image/jpeg" />
<meta name="twitter:card" content="summary_large_image" />
<meta name="twitter:label1" content="Est. reading time" />
	<meta name="twitter:data1" content="1 minut" />
<script type="application/ld+json" class="yoast-schema-graph">{"@context":"https://schema.org","@graph":[{"@type":"WebPage","@id":"https://kapitel.ee/toostuskinnisvara/rukki-tee-5-logistikakeskus/","url":"https://kapitel.ee/toostuskinnisvara/rukki-tee-5-logistikakeskus/","name":"Rukki tee 5 logistikakeskus - Kapitel","isPartOf":{"@id":"https://kapitel.ee/#website"},"primaryImageOfPage":{"@id":"https://kapitel.ee/toostuskinnisvara/rukki-tee-5-logistikakeskus/#primaryimage"},"image":{"@id":"https://kapitel.ee/toostuskinnisvara/rukki-tee-5-logistikakeskus/#primaryimage"},"thumbnailUrl":"https://kapitel.ee/wp-content/uploads/2025/06/Rukki-tee-5-scaled-1.jpeg","datePublished":"2021-05-17T18:52:58+00:00","dateModified":"2025-08-06T10:23:41+00:00","breadcrumb":{"@id":"https://kapitel.ee/toostuskinnisvara/rukki-tee-5-logistikakeskus/#breadcrumb"},"inLanguage":"et","potentialAction":[{"@type":"ReadAction","target":["https://kapitel.ee/toostuskinnisvara/rukki-tee-5-logistikakeskus/"]}]},{"@type":"ImageObject","inLanguage":"et","@id":"https://kapitel.ee/toostuskinnisvara/rukki-tee-5-logistikakeskus/#primaryimage","url":"https://kapitel.ee/wp-content/uploads/2025/06/Rukki-tee-5-scaled-1.jpeg","contentUrl":"https://kapitel.ee/wp-content/uploads/2025/06/Rukki-tee-5-scaled-1.jpeg","width":2560,"height":1920},{"@type":"BreadcrumbList","@id":"https://kapitel.ee/toostuskinnisvara/rukki-tee-5-logistikakeskus/#breadcrumb","itemListElement":[{"@type":"ListItem","position":1,"name":"Home","item":"https://kapitel.ee/et/"},{"@type":"ListItem","position":2,"name":"Rukki tee 5 logistikakeskus"}]},{"@type":"WebSite","@id":"https://kapitel.ee/#website","url":"https://kapitel.ee/","name":"Kapitel","description":"","publisher":{"@id":"https://kapitel.ee/#organization"},"potentialAction":[{"@type":"SearchAction","target":{"@type":"EntryPoint","urlTemplate":"https://kapitel.ee/?s={search_term_string}"},"query-input":{"@type":"PropertyValueSpecification","valueRequired":true,"valueName":"search_term_string"}}],"inLanguage":"et"},{"@type":"Organization","@id":"https://kapitel.ee/#organization","name":"Kapitel","url":"https://kapitel.ee/","logo":{"@type":"ImageObject","inLanguage":"et","@id":"https://kapitel.ee/#/schema/logo/image/","url":"https://kapitel.ee/wp-content/uploads/2025/06/logo.svg","contentUrl":"https://kapitel.ee/wp-content/uploads/2025/06/logo.svg","caption":"Kapitel"},"image":{"@id":"https://kapitel.ee/#/schema/logo/image/"}}]}</script>
<!-- / Yoast SEO plugin. -->

A-klassi logistikakeskus asub Rukki tehnopargis Tallinna Ringteel Rae vallas. 9 900 m² üüripinnaga ja BREEAM rohesertifikaadiga tasemel Very Good tunnustatud logistikakeskuses on energia- ja keskkonnasäästlikud ning inimsõbralikud kaasaegsed lahendused.
