{"id":2175,"date":"2020-05-18T07:39:41","date_gmt":"2020-05-18T04:39:41","guid":{"rendered":"https:\/\/pre.cdev.ee\/kapitel\/portfell\/piro-kvartalas-arendusprojekt-vilnius\/"},"modified":"2025-11-11T12:13:26","modified_gmt":"2025-11-11T10:13:26","slug":"piro-kvartalas-arendusprojekt-vilnius","status":"publish","type":"portfell","link":"https:\/\/kapitel.ee\/et\/arenduses-kinnistud\/piro-kvartalas-arendusprojekt-vilnius\/","title":{"rendered":"Piro Kvartalas"},"content":{"rendered":"<div class=\"ewa-rteLine\">Tulevane arendusprojekt asub Vilniuse kesklinnas Nerise j\u00f5e paremal kaldal, 5\u201310-minutilise jalutusk\u00e4igu kaugusel vanalinnast. Naabruses on uued elu- ja \u00e4rihooned ning hotellid. Arendusprojekt t\u00e4iustab olemasolevat linnaruumi ning suurendab piirkonna atraktiivsust nii elanike kui ettev\u00f5tete jaoks.<\/div>\n<div><\/div>\n<div class=\"ewa-rteLine\">Kinnistule on planeeritud neli hoonet, mis on omavahel \u00fchendatud maa-aluse parklaga. Esimestel korrustel asuvad toitlustus-, kaubandus- ja teeninduspinnad, mida \u00fchendab kvartali keskne \u00f5htup\u00e4ikesele avatud sisehoov. K\u00f5rgematel korrustel asuvad b\u00fcrood ja apartment hotell.<\/div>\n","protected":false},"excerpt":{"rendered":"<p>Arendame Vilniuse vanalinna l\u00e4hedale neljast hoonest koosneva kvartali b\u00fcroo- ja teeninduspindade ning apartment hotelliga.<\/p>\n","protected":false},"featured_media":2733,"template":"","meta":{"_acf_changed":false},"kategooria":[33,25],"class_list":["post-2175","portfell","type-portfell","status-publish","has-post-thumbnail","hentry","kategooria-arenduses-kinnistud","kategooria-majutus","entry"],"acf":[],"yoast_head":"<!-- This site is optimized with the Yoast SEO plugin v27.1 - https:\/\/yoast.com\/product\/yoast-seo-wordpress\/ -->\n<title>Piro Kvartalas - Kapitel<\/title>\n<meta name=\"robots\" content=\"index, follow, max-snippet:-1, max-image-preview:large, max-video-preview:-1\" \/>\n<link rel=\"canonical\" href=\"https:\/\/kapitel.ee\/et\/arenduses-kinnistud\/piro-kvartalas-arendusprojekt-vilnius\/\" \/>\n<meta property=\"og:locale\" content=\"et_EE\" \/>\n<meta property=\"og:type\" content=\"article\" \/>\n<meta property=\"og:title\" content=\"Piro Kvartalas - Kapitel\" \/>\n<meta property=\"og:description\" content=\"Arendame Vilniuse vanalinna l\u00e4hedale neljast hoonest koosneva kvartali b\u00fcroo- ja teeninduspindade ning apartment hotelliga.\" \/>\n<meta property=\"og:url\" content=\"https:\/\/kapitel.ee\/et\/arenduses-kinnistud\/piro-kvartalas-arendusprojekt-vilnius\/\" \/>\n<meta property=\"og:site_name\" content=\"Kapitel\" \/>\n<meta property=\"article:modified_time\" content=\"2025-11-11T10:13:26+00:00\" \/>\n<meta property=\"og:image\" content=\"https:\/\/kapitel.ee\/wp-content\/uploads\/2025\/08\/PIRO-5-1024x717.jpg\" \/>\n\t<meta property=\"og:image:width\" content=\"1024\" \/>\n\t<meta property=\"og:image:height\" content=\"717\" \/>\n\t<meta property=\"og:image:type\" content=\"image\/jpeg\" \/>\n<meta name=\"twitter:card\" content=\"summary_large_image\" \/>\n<meta name=\"twitter:label1\" content=\"Est. reading time\" \/>\n\t<meta name=\"twitter:data1\" content=\"2 minutit\" \/>\n<script type=\"application\/ld+json\" class=\"yoast-schema-graph\">{\"@context\":\"https:\/\/schema.org\",\"@graph\":[{\"@type\":\"WebPage\",\"@id\":\"https:\/\/kapitel.ee\/et\/arenduses-kinnistud\/piro-kvartalas-arendusprojekt-vilnius\/\",\"url\":\"https:\/\/kapitel.ee\/et\/arenduses-kinnistud\/piro-kvartalas-arendusprojekt-vilnius\/\",\"name\":\"Piro Kvartalas - Kapitel\",\"isPartOf\":{\"@id\":\"https:\/\/kapitel.ee\/#website\"},\"primaryImageOfPage\":{\"@id\":\"https:\/\/kapitel.ee\/et\/arenduses-kinnistud\/piro-kvartalas-arendusprojekt-vilnius\/#primaryimage\"},\"image\":{\"@id\":\"https:\/\/kapitel.ee\/et\/arenduses-kinnistud\/piro-kvartalas-arendusprojekt-vilnius\/#primaryimage\"},\"thumbnailUrl\":\"https:\/\/kapitel.ee\/wp-content\/uploads\/2025\/08\/PIRO-5.jpg\",\"datePublished\":\"2020-05-18T04:39:41+00:00\",\"dateModified\":\"2025-11-11T10:13:26+00:00\",\"breadcrumb\":{\"@id\":\"https:\/\/kapitel.ee\/et\/arenduses-kinnistud\/piro-kvartalas-arendusprojekt-vilnius\/#breadcrumb\"},\"inLanguage\":\"et\",\"potentialAction\":[{\"@type\":\"ReadAction\",\"target\":[\"https:\/\/kapitel.ee\/et\/arenduses-kinnistud\/piro-kvartalas-arendusprojekt-vilnius\/\"]}]},{\"@type\":\"ImageObject\",\"inLanguage\":\"et\",\"@id\":\"https:\/\/kapitel.ee\/et\/arenduses-kinnistud\/piro-kvartalas-arendusprojekt-vilnius\/#primaryimage\",\"url\":\"https:\/\/kapitel.ee\/wp-content\/uploads\/2025\/08\/PIRO-5.jpg\",\"contentUrl\":\"https:\/\/kapitel.ee\/wp-content\/uploads\/2025\/08\/PIRO-5.jpg\",\"width\":4000,\"height\":2800},{\"@type\":\"BreadcrumbList\",\"@id\":\"https:\/\/kapitel.ee\/et\/arenduses-kinnistud\/piro-kvartalas-arendusprojekt-vilnius\/#breadcrumb\",\"itemListElement\":[{\"@type\":\"ListItem\",\"position\":1,\"name\":\"Home\",\"item\":\"https:\/\/kapitel.ee\/et\/\"},{\"@type\":\"ListItem\",\"position\":2,\"name\":\"Piro Kvartalas\"}]},{\"@type\":\"WebSite\",\"@id\":\"https:\/\/kapitel.ee\/#website\",\"url\":\"https:\/\/kapitel.ee\/\",\"name\":\"Kapitel\",\"description\":\"\",\"publisher\":{\"@id\":\"https:\/\/kapitel.ee\/#organization\"},\"potentialAction\":[{\"@type\":\"SearchAction\",\"target\":{\"@type\":\"EntryPoint\",\"urlTemplate\":\"https:\/\/kapitel.ee\/?s={search_term_string}\"},\"query-input\":{\"@type\":\"PropertyValueSpecification\",\"valueRequired\":true,\"valueName\":\"search_term_string\"}}],\"inLanguage\":\"et\"},{\"@type\":\"Organization\",\"@id\":\"https:\/\/kapitel.ee\/#organization\",\"name\":\"Kapitel\",\"url\":\"https:\/\/kapitel.ee\/\",\"logo\":{\"@type\":\"ImageObject\",\"inLanguage\":\"et\",\"@id\":\"https:\/\/kapitel.ee\/#\/schema\/logo\/image\/\",\"url\":\"https:\/\/kapitel.ee\/wp-content\/uploads\/2025\/06\/logo.svg\",\"contentUrl\":\"https:\/\/kapitel.ee\/wp-content\/uploads\/2025\/06\/logo.svg\",\"caption\":\"Kapitel\"},\"image\":{\"@id\":\"https:\/\/kapitel.ee\/#\/schema\/logo\/image\/\"}}]}<\/script>\n<!-- \/ Yoast SEO plugin. -->","yoast_head_json":{"title":"Piro Kvartalas - Kapitel","robots":{"index":"index","follow":"follow","max-snippet":"max-snippet:-1","max-image-preview":"max-image-preview:large","max-video-preview":"max-video-preview:-1"},"canonical":"https:\/\/kapitel.ee\/et\/arenduses-kinnistud\/piro-kvartalas-arendusprojekt-vilnius\/","og_locale":"et_EE","og_type":"article","og_title":"Piro Kvartalas - Kapitel","og_description":"Arendame Vilniuse vanalinna l\u00e4hedale neljast hoonest koosneva kvartali b\u00fcroo- ja teeninduspindade ning apartment hotelliga.","og_url":"https:\/\/kapitel.ee\/et\/arenduses-kinnistud\/piro-kvartalas-arendusprojekt-vilnius\/","og_site_name":"Kapitel","article_modified_time":"2025-11-11T10:13:26+00:00","og_image":[{"width":1024,"height":717,"url":"https:\/\/kapitel.ee\/wp-content\/uploads\/2025\/08\/PIRO-5-1024x717.jpg","type":"image\/jpeg"}],"twitter_card":"summary_large_image","twitter_misc":{"Est. reading time":"2 minutit"},"schema":{"@context":"https:\/\/schema.org","@graph":[{"@type":"WebPage","@id":"https:\/\/kapitel.ee\/et\/arenduses-kinnistud\/piro-kvartalas-arendusprojekt-vilnius\/","url":"https:\/\/kapitel.ee\/et\/arenduses-kinnistud\/piro-kvartalas-arendusprojekt-vilnius\/","name":"Piro Kvartalas - Kapitel","isPartOf":{"@id":"https:\/\/kapitel.ee\/#website"},"primaryImageOfPage":{"@id":"https:\/\/kapitel.ee\/et\/arenduses-kinnistud\/piro-kvartalas-arendusprojekt-vilnius\/#primaryimage"},"image":{"@id":"https:\/\/kapitel.ee\/et\/arenduses-kinnistud\/piro-kvartalas-arendusprojekt-vilnius\/#primaryimage"},"thumbnailUrl":"https:\/\/kapitel.ee\/wp-content\/uploads\/2025\/08\/PIRO-5.jpg","datePublished":"2020-05-18T04:39:41+00:00","dateModified":"2025-11-11T10:13:26+00:00","breadcrumb":{"@id":"https:\/\/kapitel.ee\/et\/arenduses-kinnistud\/piro-kvartalas-arendusprojekt-vilnius\/#breadcrumb"},"inLanguage":"et","potentialAction":[{"@type":"ReadAction","target":["https:\/\/kapitel.ee\/et\/arenduses-kinnistud\/piro-kvartalas-arendusprojekt-vilnius\/"]}]},{"@type":"ImageObject","inLanguage":"et","@id":"https:\/\/kapitel.ee\/et\/arenduses-kinnistud\/piro-kvartalas-arendusprojekt-vilnius\/#primaryimage","url":"https:\/\/kapitel.ee\/wp-content\/uploads\/2025\/08\/PIRO-5.jpg","contentUrl":"https:\/\/kapitel.ee\/wp-content\/uploads\/2025\/08\/PIRO-5.jpg","width":4000,"height":2800},{"@type":"BreadcrumbList","@id":"https:\/\/kapitel.ee\/et\/arenduses-kinnistud\/piro-kvartalas-arendusprojekt-vilnius\/#breadcrumb","itemListElement":[{"@type":"ListItem","position":1,"name":"Home","item":"https:\/\/kapitel.ee\/et\/"},{"@type":"ListItem","position":2,"name":"Piro Kvartalas"}]},{"@type":"WebSite","@id":"https:\/\/kapitel.ee\/#website","url":"https:\/\/kapitel.ee\/","name":"Kapitel","description":"","publisher":{"@id":"https:\/\/kapitel.ee\/#organization"},"potentialAction":[{"@type":"SearchAction","target":{"@type":"EntryPoint","urlTemplate":"https:\/\/kapitel.ee\/?s={search_term_string}"},"query-input":{"@type":"PropertyValueSpecification","valueRequired":true,"valueName":"search_term_string"}}],"inLanguage":"et"},{"@type":"Organization","@id":"https:\/\/kapitel.ee\/#organization","name":"Kapitel","url":"https:\/\/kapitel.ee\/","logo":{"@type":"ImageObject","inLanguage":"et","@id":"https:\/\/kapitel.ee\/#\/schema\/logo\/image\/","url":"https:\/\/kapitel.ee\/wp-content\/uploads\/2025\/06\/logo.svg","contentUrl":"https:\/\/kapitel.ee\/wp-content\/uploads\/2025\/06\/logo.svg","caption":"Kapitel"},"image":{"@id":"https:\/\/kapitel.ee\/#\/schema\/logo\/image\/"}}]}},"_links":{"self":[{"href":"https:\/\/kapitel.ee\/et\/wp-json\/wp\/v2\/portfell\/2175","targetHints":{"allow":["GET"]}}],"collection":[{"href":"https:\/\/kapitel.ee\/et\/wp-json\/wp\/v2\/portfell"}],"about":[{"href":"https:\/\/kapitel.ee\/et\/wp-json\/wp\/v2\/types\/portfell"}],"wp:featuredmedia":[{"embeddable":true,"href":"https:\/\/kapitel.ee\/et\/wp-json\/wp\/v2\/media\/2733"}],"wp:attachment":[{"href":"https:\/\/kapitel.ee\/et\/wp-json\/wp\/v2\/media?parent=2175"}],"wp:term":[{"taxonomy":"kategooria","embeddable":true,"href":"https:\/\/kapitel.ee\/et\/wp-json\/wp\/v2\/kategooria?post=2175"}],"curies":[{"name":"wp","href":"https:\/\/api.w.org\/{rel}","templated":true}]}}

<div class="ewa-rteLine">Tulevane arendusprojekt asub Vilniuse kesklinnas Nerise jõe paremal kaldal, 5–10-minutilise jalutuskäigu kaugusel vanalinnast. Naabruses on uued elu- ja ärihooned ning hotellid. Arendusprojekt täiustab olemasolevat linnaruumi ning suurendab piirkonna atraktiivsust nii elanike kui ettevõtete jaoks.</div>
<div></div>
<div class="ewa-rteLine">Kinnistule on planeeritud neli hoonet, mis on omavahel ühendatud maa-aluse parklaga. Esimestel korrustel asuvad toitlustus-, kaubandus- ja teeninduspinnad, mida ühendab kvartali keskne õhtupäikesele avatud sisehoov. Kõrgematel korrustel asuvad bürood ja apartment hotell.</div>

<p>Arendame Vilniuse vanalinna lähedale neljast hoonest koosneva kvartali büroo- ja teeninduspindade ning apartment hotelliga.</p>

<!-- This site is optimized with the Yoast SEO plugin v27.1 - https://yoast.com/product/yoast-seo-wordpress/ -->
<title>Piro Kvartalas - Kapitel</title>
<meta name="robots" content="index, follow, max-snippet:-1, max-image-preview:large, max-video-preview:-1" />
<link rel="canonical" href="https://kapitel.ee/et/arenduses-kinnistud/piro-kvartalas-arendusprojekt-vilnius/" />
<meta property="og:locale" content="et_EE" />
<meta property="og:type" content="article" />
<meta property="og:title" content="Piro Kvartalas - Kapitel" />
<meta property="og:description" content="Arendame Vilniuse vanalinna lähedale neljast hoonest koosneva kvartali büroo- ja teeninduspindade ning apartment hotelliga." />
<meta property="og:url" content="https://kapitel.ee/et/arenduses-kinnistud/piro-kvartalas-arendusprojekt-vilnius/" />
<meta property="og:site_name" content="Kapitel" />
<meta property="article:modified_time" content="2025-11-11T10:13:26+00:00" />
<meta property="og:image" content="https://kapitel.ee/wp-content/uploads/2025/08/PIRO-5-1024x717.jpg" />
	<meta property="og:image:width" content="1024" />
	<meta property="og:image:height" content="717" />
	<meta property="og:image:type" content="image/jpeg" />
<meta name="twitter:card" content="summary_large_image" />
<meta name="twitter:label1" content="Est. reading time" />
	<meta name="twitter:data1" content="2 minutit" />
<script type="application/ld+json" class="yoast-schema-graph">{"@context":"https://schema.org","@graph":[{"@type":"WebPage","@id":"https://kapitel.ee/et/arenduses-kinnistud/piro-kvartalas-arendusprojekt-vilnius/","url":"https://kapitel.ee/et/arenduses-kinnistud/piro-kvartalas-arendusprojekt-vilnius/","name":"Piro Kvartalas - Kapitel","isPartOf":{"@id":"https://kapitel.ee/#website"},"primaryImageOfPage":{"@id":"https://kapitel.ee/et/arenduses-kinnistud/piro-kvartalas-arendusprojekt-vilnius/#primaryimage"},"image":{"@id":"https://kapitel.ee/et/arenduses-kinnistud/piro-kvartalas-arendusprojekt-vilnius/#primaryimage"},"thumbnailUrl":"https://kapitel.ee/wp-content/uploads/2025/08/PIRO-5.jpg","datePublished":"2020-05-18T04:39:41+00:00","dateModified":"2025-11-11T10:13:26+00:00","breadcrumb":{"@id":"https://kapitel.ee/et/arenduses-kinnistud/piro-kvartalas-arendusprojekt-vilnius/#breadcrumb"},"inLanguage":"et","potentialAction":[{"@type":"ReadAction","target":["https://kapitel.ee/et/arenduses-kinnistud/piro-kvartalas-arendusprojekt-vilnius/"]}]},{"@type":"ImageObject","inLanguage":"et","@id":"https://kapitel.ee/et/arenduses-kinnistud/piro-kvartalas-arendusprojekt-vilnius/#primaryimage","url":"https://kapitel.ee/wp-content/uploads/2025/08/PIRO-5.jpg","contentUrl":"https://kapitel.ee/wp-content/uploads/2025/08/PIRO-5.jpg","width":4000,"height":2800},{"@type":"BreadcrumbList","@id":"https://kapitel.ee/et/arenduses-kinnistud/piro-kvartalas-arendusprojekt-vilnius/#breadcrumb","itemListElement":[{"@type":"ListItem","position":1,"name":"Home","item":"https://kapitel.ee/et/"},{"@type":"ListItem","position":2,"name":"Piro Kvartalas"}]},{"@type":"WebSite","@id":"https://kapitel.ee/#website","url":"https://kapitel.ee/","name":"Kapitel","description":"","publisher":{"@id":"https://kapitel.ee/#organization"},"potentialAction":[{"@type":"SearchAction","target":{"@type":"EntryPoint","urlTemplate":"https://kapitel.ee/?s={search_term_string}"},"query-input":{"@type":"PropertyValueSpecification","valueRequired":true,"valueName":"search_term_string"}}],"inLanguage":"et"},{"@type":"Organization","@id":"https://kapitel.ee/#organization","name":"Kapitel","url":"https://kapitel.ee/","logo":{"@type":"ImageObject","inLanguage":"et","@id":"https://kapitel.ee/#/schema/logo/image/","url":"https://kapitel.ee/wp-content/uploads/2025/06/logo.svg","contentUrl":"https://kapitel.ee/wp-content/uploads/2025/06/logo.svg","caption":"Kapitel"},"image":{"@id":"https://kapitel.ee/#/schema/logo/image/"}}]}</script>
<!-- / Yoast SEO plugin. -->

Arendame Vilniuse vanalinna lähedale neljast hoonest koosneva kvartali büroo- ja teeninduspindade ning apartment hotelliga.
