{"id":2176,"date":"2020-05-18T07:43:06","date_gmt":"2020-05-18T04:43:06","guid":{"rendered":"https:\/\/pre.cdev.ee\/kapitel\/portfell\/agrejas-arikeskus\/"},"modified":"2025-11-11T12:30:11","modified_gmt":"2025-11-11T10:30:11","slug":"agrejas-arikeskus","status":"publish","type":"portfell","link":"https:\/\/kapitel.ee\/et\/arenduses-kinnistud\/agrejas-arikeskus\/","title":{"rendered":"Agrejas \u00c4rikeskus"},"content":{"rendered":"<div class=\"ewa-rteLine\">Uus \u00e4rikeskus asub Vilniuse \u0160nipi\u0161k\u0117si linnaosas Compensa kontserdisaali, uue elamukvartali ja Linkmenai pargi k\u00f5rval aadressil Kernav\u0117s tn 86. Arendusprojekt k\u00e4ivitatakse ankur\u00fc\u00fcrniku huvi korral.<\/div>\n<div class=\"ewa-rteLine\">Asukoht on h\u00e4sti ligip\u00e4\u00e4setav igast suunast \u2013 nii auto, jalgratta kui \u00fchistranspordiga. L\u00e4hi\u00fcmbruses paiknevad Vilniuse suurimad kaubandus- ja meelelahutuskeskused ning mitmed haridusasutused.<\/div>\n<div class=\"ewa-rteLine\"><\/div>\n<div class=\"ewa-rteLine\">\u00c4rikeskus koosneb kahest, 5- ja 7-korruselisest tiivast, kaubanduspindadest, restoranist, terrassidest ning rohelisest avatud sisehoovist. Hoonesse tuleb 194 maa-alust parkimiskohta, elektriautode laadimistaristu, jalgrattaruum koos elektriliste s\u00f5idukite akude laadimise v\u00f5imalusega. \u00c4rikeskusesse tulevad ka riietus- ja du\u0161iruumid, <em>lounge<\/em> ja konverentsiruumid.<\/div>\n<div class=\"ewa-rteLine\">A++ energiaklassiga hoonele on plaanitud automatiseeritud hoonejuhtimiss\u00fcsteem, n\u00fc\u00fcdisaegsed k\u00fctte-, ventilatsiooni- ja kliimas\u00fcsteemid, intelligentne LED-valgustuss\u00fcsteem, turva- ja tulet\u00f5rjes\u00fcsteem.<\/div>\n<div class=\"ewa-rteLine\"><\/div>\n<div class=\"ewa-rteLine\">Projekt on projekteeritud BREEAMi rahvusvahelise keskkonnas\u00e4\u00e4stlikkuse sertifikaadi Very Good tasemele vastavalt.<\/div>\n<p>&nbsp;<\/p>\n","protected":false},"excerpt":{"rendered":"<p>Uus \u00e4rikeskus Vilniuse \u0160nipi\u0161k\u0117si linnaosas Compensa kontserdisaali k\u00f5rval. Seitsmekorruselisse 7100  m\u00b2 \u00fc\u00fcripinnaga hoonesse tulevad b\u00fcroopinnad, kaubandus-, toitlustus- ja teenindusettev\u00f5tted.<\/p>\n","protected":false},"featured_media":2197,"template":"","meta":{"_acf_changed":false},"kategooria":[33,22],"class_list":["post-2176","portfell","type-portfell","status-publish","has-post-thumbnail","hentry","kategooria-arenduses-kinnistud","kategooria-buroo","entry"],"acf":[],"yoast_head":"<!-- This site is optimized with the Yoast SEO plugin v27.1 - https:\/\/yoast.com\/product\/yoast-seo-wordpress\/ -->\n<title>Agrejas \u00c4rikeskus - Kapitel<\/title>\n<meta name=\"robots\" content=\"index, follow, max-snippet:-1, max-image-preview:large, max-video-preview:-1\" \/>\n<link rel=\"canonical\" href=\"https:\/\/kapitel.ee\/et\/arenduses-kinnistud\/agrejas-arikeskus\/\" \/>\n<meta property=\"og:locale\" content=\"et_EE\" \/>\n<meta property=\"og:type\" content=\"article\" \/>\n<meta property=\"og:title\" content=\"Agrejas \u00c4rikeskus - Kapitel\" \/>\n<meta property=\"og:description\" content=\"Uus \u00e4rikeskus Vilniuse \u0160nipi\u0161k\u0117si linnaosas Compensa kontserdisaali k\u00f5rval. Seitsmekorruselisse 7100 m\u00b2 \u00fc\u00fcripinnaga hoonesse tulevad b\u00fcroopinnad, kaubandus-, toitlustus- ja teenindusettev\u00f5tted.\" \/>\n<meta property=\"og:url\" content=\"https:\/\/kapitel.ee\/et\/arenduses-kinnistud\/agrejas-arikeskus\/\" \/>\n<meta property=\"og:site_name\" content=\"Kapitel\" \/>\n<meta property=\"article:modified_time\" content=\"2025-11-11T10:30:11+00:00\" \/>\n<meta property=\"og:image\" content=\"https:\/\/kapitel.ee\/wp-content\/uploads\/2025\/07\/O2-Office-Visual-front-V2.2-scaled-1.jpg\" \/>\n\t<meta property=\"og:image:width\" content=\"2560\" \/>\n\t<meta property=\"og:image:height\" content=\"1920\" \/>\n\t<meta property=\"og:image:type\" content=\"image\/jpeg\" \/>\n<meta name=\"twitter:card\" content=\"summary_large_image\" \/>\n<meta name=\"twitter:label1\" content=\"Est. reading time\" \/>\n\t<meta name=\"twitter:data1\" content=\"3 minutit\" \/>\n<script type=\"application\/ld+json\" class=\"yoast-schema-graph\">{\"@context\":\"https:\/\/schema.org\",\"@graph\":[{\"@type\":\"WebPage\",\"@id\":\"https:\/\/kapitel.ee\/et\/arenduses-kinnistud\/agrejas-arikeskus\/\",\"url\":\"https:\/\/kapitel.ee\/et\/arenduses-kinnistud\/agrejas-arikeskus\/\",\"name\":\"Agrejas \u00c4rikeskus - Kapitel\",\"isPartOf\":{\"@id\":\"https:\/\/kapitel.ee\/#website\"},\"primaryImageOfPage\":{\"@id\":\"https:\/\/kapitel.ee\/et\/arenduses-kinnistud\/agrejas-arikeskus\/#primaryimage\"},\"image\":{\"@id\":\"https:\/\/kapitel.ee\/et\/arenduses-kinnistud\/agrejas-arikeskus\/#primaryimage\"},\"thumbnailUrl\":\"https:\/\/kapitel.ee\/wp-content\/uploads\/2025\/07\/O2-Office-Visual-front-V2.2-scaled-1.jpg\",\"datePublished\":\"2020-05-18T04:43:06+00:00\",\"dateModified\":\"2025-11-11T10:30:11+00:00\",\"breadcrumb\":{\"@id\":\"https:\/\/kapitel.ee\/et\/arenduses-kinnistud\/agrejas-arikeskus\/#breadcrumb\"},\"inLanguage\":\"et\",\"potentialAction\":[{\"@type\":\"ReadAction\",\"target\":[\"https:\/\/kapitel.ee\/et\/arenduses-kinnistud\/agrejas-arikeskus\/\"]}]},{\"@type\":\"ImageObject\",\"inLanguage\":\"et\",\"@id\":\"https:\/\/kapitel.ee\/et\/arenduses-kinnistud\/agrejas-arikeskus\/#primaryimage\",\"url\":\"https:\/\/kapitel.ee\/wp-content\/uploads\/2025\/07\/O2-Office-Visual-front-V2.2-scaled-1.jpg\",\"contentUrl\":\"https:\/\/kapitel.ee\/wp-content\/uploads\/2025\/07\/O2-Office-Visual-front-V2.2-scaled-1.jpg\",\"width\":2560,\"height\":1920},{\"@type\":\"BreadcrumbList\",\"@id\":\"https:\/\/kapitel.ee\/et\/arenduses-kinnistud\/agrejas-arikeskus\/#breadcrumb\",\"itemListElement\":[{\"@type\":\"ListItem\",\"position\":1,\"name\":\"Home\",\"item\":\"https:\/\/kapitel.ee\/et\/\"},{\"@type\":\"ListItem\",\"position\":2,\"name\":\"Agrejas \u00c4rikeskus\"}]},{\"@type\":\"WebSite\",\"@id\":\"https:\/\/kapitel.ee\/#website\",\"url\":\"https:\/\/kapitel.ee\/\",\"name\":\"Kapitel\",\"description\":\"\",\"publisher\":{\"@id\":\"https:\/\/kapitel.ee\/#organization\"},\"potentialAction\":[{\"@type\":\"SearchAction\",\"target\":{\"@type\":\"EntryPoint\",\"urlTemplate\":\"https:\/\/kapitel.ee\/?s={search_term_string}\"},\"query-input\":{\"@type\":\"PropertyValueSpecification\",\"valueRequired\":true,\"valueName\":\"search_term_string\"}}],\"inLanguage\":\"et\"},{\"@type\":\"Organization\",\"@id\":\"https:\/\/kapitel.ee\/#organization\",\"name\":\"Kapitel\",\"url\":\"https:\/\/kapitel.ee\/\",\"logo\":{\"@type\":\"ImageObject\",\"inLanguage\":\"et\",\"@id\":\"https:\/\/kapitel.ee\/#\/schema\/logo\/image\/\",\"url\":\"https:\/\/kapitel.ee\/wp-content\/uploads\/2025\/06\/logo.svg\",\"contentUrl\":\"https:\/\/kapitel.ee\/wp-content\/uploads\/2025\/06\/logo.svg\",\"caption\":\"Kapitel\"},\"image\":{\"@id\":\"https:\/\/kapitel.ee\/#\/schema\/logo\/image\/\"}}]}<\/script>\n<!-- \/ Yoast SEO plugin. -->","yoast_head_json":{"title":"Agrejas \u00c4rikeskus - Kapitel","robots":{"index":"index","follow":"follow","max-snippet":"max-snippet:-1","max-image-preview":"max-image-preview:large","max-video-preview":"max-video-preview:-1"},"canonical":"https:\/\/kapitel.ee\/et\/arenduses-kinnistud\/agrejas-arikeskus\/","og_locale":"et_EE","og_type":"article","og_title":"Agrejas \u00c4rikeskus - Kapitel","og_description":"Uus \u00e4rikeskus Vilniuse \u0160nipi\u0161k\u0117si linnaosas Compensa kontserdisaali k\u00f5rval. Seitsmekorruselisse 7100 m\u00b2 \u00fc\u00fcripinnaga hoonesse tulevad b\u00fcroopinnad, kaubandus-, toitlustus- ja teenindusettev\u00f5tted.","og_url":"https:\/\/kapitel.ee\/et\/arenduses-kinnistud\/agrejas-arikeskus\/","og_site_name":"Kapitel","article_modified_time":"2025-11-11T10:30:11+00:00","og_image":[{"width":2560,"height":1920,"url":"https:\/\/kapitel.ee\/wp-content\/uploads\/2025\/07\/O2-Office-Visual-front-V2.2-scaled-1.jpg","type":"image\/jpeg"}],"twitter_card":"summary_large_image","twitter_misc":{"Est. reading time":"3 minutit"},"schema":{"@context":"https:\/\/schema.org","@graph":[{"@type":"WebPage","@id":"https:\/\/kapitel.ee\/et\/arenduses-kinnistud\/agrejas-arikeskus\/","url":"https:\/\/kapitel.ee\/et\/arenduses-kinnistud\/agrejas-arikeskus\/","name":"Agrejas \u00c4rikeskus - Kapitel","isPartOf":{"@id":"https:\/\/kapitel.ee\/#website"},"primaryImageOfPage":{"@id":"https:\/\/kapitel.ee\/et\/arenduses-kinnistud\/agrejas-arikeskus\/#primaryimage"},"image":{"@id":"https:\/\/kapitel.ee\/et\/arenduses-kinnistud\/agrejas-arikeskus\/#primaryimage"},"thumbnailUrl":"https:\/\/kapitel.ee\/wp-content\/uploads\/2025\/07\/O2-Office-Visual-front-V2.2-scaled-1.jpg","datePublished":"2020-05-18T04:43:06+00:00","dateModified":"2025-11-11T10:30:11+00:00","breadcrumb":{"@id":"https:\/\/kapitel.ee\/et\/arenduses-kinnistud\/agrejas-arikeskus\/#breadcrumb"},"inLanguage":"et","potentialAction":[{"@type":"ReadAction","target":["https:\/\/kapitel.ee\/et\/arenduses-kinnistud\/agrejas-arikeskus\/"]}]},{"@type":"ImageObject","inLanguage":"et","@id":"https:\/\/kapitel.ee\/et\/arenduses-kinnistud\/agrejas-arikeskus\/#primaryimage","url":"https:\/\/kapitel.ee\/wp-content\/uploads\/2025\/07\/O2-Office-Visual-front-V2.2-scaled-1.jpg","contentUrl":"https:\/\/kapitel.ee\/wp-content\/uploads\/2025\/07\/O2-Office-Visual-front-V2.2-scaled-1.jpg","width":2560,"height":1920},{"@type":"BreadcrumbList","@id":"https:\/\/kapitel.ee\/et\/arenduses-kinnistud\/agrejas-arikeskus\/#breadcrumb","itemListElement":[{"@type":"ListItem","position":1,"name":"Home","item":"https:\/\/kapitel.ee\/et\/"},{"@type":"ListItem","position":2,"name":"Agrejas \u00c4rikeskus"}]},{"@type":"WebSite","@id":"https:\/\/kapitel.ee\/#website","url":"https:\/\/kapitel.ee\/","name":"Kapitel","description":"","publisher":{"@id":"https:\/\/kapitel.ee\/#organization"},"potentialAction":[{"@type":"SearchAction","target":{"@type":"EntryPoint","urlTemplate":"https:\/\/kapitel.ee\/?s={search_term_string}"},"query-input":{"@type":"PropertyValueSpecification","valueRequired":true,"valueName":"search_term_string"}}],"inLanguage":"et"},{"@type":"Organization","@id":"https:\/\/kapitel.ee\/#organization","name":"Kapitel","url":"https:\/\/kapitel.ee\/","logo":{"@type":"ImageObject","inLanguage":"et","@id":"https:\/\/kapitel.ee\/#\/schema\/logo\/image\/","url":"https:\/\/kapitel.ee\/wp-content\/uploads\/2025\/06\/logo.svg","contentUrl":"https:\/\/kapitel.ee\/wp-content\/uploads\/2025\/06\/logo.svg","caption":"Kapitel"},"image":{"@id":"https:\/\/kapitel.ee\/#\/schema\/logo\/image\/"}}]}},"_links":{"self":[{"href":"https:\/\/kapitel.ee\/et\/wp-json\/wp\/v2\/portfell\/2176","targetHints":{"allow":["GET"]}}],"collection":[{"href":"https:\/\/kapitel.ee\/et\/wp-json\/wp\/v2\/portfell"}],"about":[{"href":"https:\/\/kapitel.ee\/et\/wp-json\/wp\/v2\/types\/portfell"}],"wp:featuredmedia":[{"embeddable":true,"href":"https:\/\/kapitel.ee\/et\/wp-json\/wp\/v2\/media\/2197"}],"wp:attachment":[{"href":"https:\/\/kapitel.ee\/et\/wp-json\/wp\/v2\/media?parent=2176"}],"wp:term":[{"taxonomy":"kategooria","embeddable":true,"href":"https:\/\/kapitel.ee\/et\/wp-json\/wp\/v2\/kategooria?post=2176"}],"curies":[{"name":"wp","href":"https:\/\/api.w.org\/{rel}","templated":true}]}}

Agrejas Ärikeskus

<div class="ewa-rteLine">Uus ärikeskus asub Vilniuse Šnipiškėsi linnaosas Compensa kontserdisaali, uue elamukvartali ja Linkmenai pargi kõrval aadressil Kernavės tn 86. Arendusprojekt käivitatakse ankurüürniku huvi korral.</div>
<div class="ewa-rteLine">Asukoht on hästi ligipääsetav igast suunast – nii auto, jalgratta kui ühistranspordiga. Lähiümbruses paiknevad Vilniuse suurimad kaubandus- ja meelelahutuskeskused ning mitmed haridusasutused.</div>
<div class="ewa-rteLine"></div>
<div class="ewa-rteLine">Ärikeskus koosneb kahest, 5- ja 7-korruselisest tiivast, kaubanduspindadest, restoranist, terrassidest ning rohelisest avatud sisehoovist. Hoonesse tuleb 194 maa-alust parkimiskohta, elektriautode laadimistaristu, jalgrattaruum koos elektriliste sõidukite akude laadimise võimalusega. Ärikeskusesse tulevad ka riietus- ja duširuumid, <em>lounge</em> ja konverentsiruumid.</div>
<div class="ewa-rteLine">A++ energiaklassiga hoonele on plaanitud automatiseeritud hoonejuhtimissüsteem, nüüdisaegsed kütte-, ventilatsiooni- ja kliimasüsteemid, intelligentne LED-valgustussüsteem, turva- ja tuletõrjesüsteem.</div>
<div class="ewa-rteLine"></div>
<div class="ewa-rteLine">Projekt on projekteeritud BREEAMi rahvusvahelise keskkonnasäästlikkuse sertifikaadi Very Good tasemele vastavalt.</div>
<p>&nbsp;</p>

<p>Uus ärikeskus Vilniuse Šnipiškėsi linnaosas Compensa kontserdisaali kõrval. Seitsmekorruselisse 7100  m² üüripinnaga hoonesse tulevad büroopinnad, kaubandus-, toitlustus- ja teenindusettevõtted.</p>

<!-- This site is optimized with the Yoast SEO plugin v27.1 - https://yoast.com/product/yoast-seo-wordpress/ -->
<title>Agrejas Ärikeskus - Kapitel</title>
<meta name="robots" content="index, follow, max-snippet:-1, max-image-preview:large, max-video-preview:-1" />
<link rel="canonical" href="https://kapitel.ee/et/arenduses-kinnistud/agrejas-arikeskus/" />
<meta property="og:locale" content="et_EE" />
<meta property="og:type" content="article" />
<meta property="og:title" content="Agrejas Ärikeskus - Kapitel" />
<meta property="og:description" content="Uus ärikeskus Vilniuse Šnipiškėsi linnaosas Compensa kontserdisaali kõrval. Seitsmekorruselisse 7100 m² üüripinnaga hoonesse tulevad büroopinnad, kaubandus-, toitlustus- ja teenindusettevõtted." />
<meta property="og:url" content="https://kapitel.ee/et/arenduses-kinnistud/agrejas-arikeskus/" />
<meta property="og:site_name" content="Kapitel" />
<meta property="article:modified_time" content="2025-11-11T10:30:11+00:00" />
<meta property="og:image" content="https://kapitel.ee/wp-content/uploads/2025/07/O2-Office-Visual-front-V2.2-scaled-1.jpg" />
	<meta property="og:image:width" content="2560" />
	<meta property="og:image:height" content="1920" />
	<meta property="og:image:type" content="image/jpeg" />
<meta name="twitter:card" content="summary_large_image" />
<meta name="twitter:label1" content="Est. reading time" />
	<meta name="twitter:data1" content="3 minutit" />
<script type="application/ld+json" class="yoast-schema-graph">{"@context":"https://schema.org","@graph":[{"@type":"WebPage","@id":"https://kapitel.ee/et/arenduses-kinnistud/agrejas-arikeskus/","url":"https://kapitel.ee/et/arenduses-kinnistud/agrejas-arikeskus/","name":"Agrejas Ärikeskus - Kapitel","isPartOf":{"@id":"https://kapitel.ee/#website"},"primaryImageOfPage":{"@id":"https://kapitel.ee/et/arenduses-kinnistud/agrejas-arikeskus/#primaryimage"},"image":{"@id":"https://kapitel.ee/et/arenduses-kinnistud/agrejas-arikeskus/#primaryimage"},"thumbnailUrl":"https://kapitel.ee/wp-content/uploads/2025/07/O2-Office-Visual-front-V2.2-scaled-1.jpg","datePublished":"2020-05-18T04:43:06+00:00","dateModified":"2025-11-11T10:30:11+00:00","breadcrumb":{"@id":"https://kapitel.ee/et/arenduses-kinnistud/agrejas-arikeskus/#breadcrumb"},"inLanguage":"et","potentialAction":[{"@type":"ReadAction","target":["https://kapitel.ee/et/arenduses-kinnistud/agrejas-arikeskus/"]}]},{"@type":"ImageObject","inLanguage":"et","@id":"https://kapitel.ee/et/arenduses-kinnistud/agrejas-arikeskus/#primaryimage","url":"https://kapitel.ee/wp-content/uploads/2025/07/O2-Office-Visual-front-V2.2-scaled-1.jpg","contentUrl":"https://kapitel.ee/wp-content/uploads/2025/07/O2-Office-Visual-front-V2.2-scaled-1.jpg","width":2560,"height":1920},{"@type":"BreadcrumbList","@id":"https://kapitel.ee/et/arenduses-kinnistud/agrejas-arikeskus/#breadcrumb","itemListElement":[{"@type":"ListItem","position":1,"name":"Home","item":"https://kapitel.ee/et/"},{"@type":"ListItem","position":2,"name":"Agrejas Ärikeskus"}]},{"@type":"WebSite","@id":"https://kapitel.ee/#website","url":"https://kapitel.ee/","name":"Kapitel","description":"","publisher":{"@id":"https://kapitel.ee/#organization"},"potentialAction":[{"@type":"SearchAction","target":{"@type":"EntryPoint","urlTemplate":"https://kapitel.ee/?s={search_term_string}"},"query-input":{"@type":"PropertyValueSpecification","valueRequired":true,"valueName":"search_term_string"}}],"inLanguage":"et"},{"@type":"Organization","@id":"https://kapitel.ee/#organization","name":"Kapitel","url":"https://kapitel.ee/","logo":{"@type":"ImageObject","inLanguage":"et","@id":"https://kapitel.ee/#/schema/logo/image/","url":"https://kapitel.ee/wp-content/uploads/2025/06/logo.svg","contentUrl":"https://kapitel.ee/wp-content/uploads/2025/06/logo.svg","caption":"Kapitel"},"image":{"@id":"https://kapitel.ee/#/schema/logo/image/"}}]}</script>
<!-- / Yoast SEO plugin. -->

Agrejas Ärikeskus - Kapitel

Uus ärikeskus Vilniuse Šnipiškėsi linnaosas Compensa kontserdisaali kõrval. Seitsmekorruselisse 7100 m² üüripinnaga hoonesse tulevad büroopinnad, kaubandus-, toitlustus- ja teenindusettevõtted.
