{"id":2200,"date":"2021-05-18T07:50:53","date_gmt":"2021-05-18T04:50:53","guid":{"rendered":"https:\/\/pre.cdev.ee\/kapitel\/portfell\/aptiekas-4-kinnistu\/"},"modified":"2025-11-11T12:33:31","modified_gmt":"2025-11-11T10:33:31","slug":"aptiekas-4-kinnistu","status":"publish","type":"portfell","link":"https:\/\/kapitel.ee\/et\/arenduses-kinnistud\/aptiekas-4-kinnistu\/","title":{"rendered":"Aptiekas 4 kinnistu"},"content":{"rendered":"<p><span class=\"TextRun SCXW222524557 BCX0\" lang=\"ET-EE\" data-contrast=\"auto\"><span class=\"NormalTextRun SCXW222524557 BCX0\">Riia rohelises elamupiirkonnas asuva kinnistu\u00a0<\/span><\/span><span class=\"TextRun SCXW222524557 BCX0\" data-contrast=\"auto\"><span class=\"NormalTextRun SCXW222524557 BCX0\">l\u00e4hi\u00fcmbruses\u00a0<\/span><\/span><span class=\"TextRun SCXW222524557 BCX0\" lang=\"ET-EE\" data-contrast=\"auto\"><span class=\"NormalTextRun SCXW222524557 BCX0\">paiknevad<\/span><\/span><span class=\"TextRun SCXW222524557 BCX0\" data-contrast=\"auto\"><span class=\"NormalTextRun SCXW222524557 BCX0\">\u00a0koolid, kaubanduskeskus, haiglad<\/span><\/span><span class=\"TextRun SCXW222524557 BCX0\" lang=\"ET-EE\" data-contrast=\"auto\"><span class=\"NormalTextRun SCXW222524557 BCX0\">\u00a0<\/span><\/span><span class=\"TextRun SCXW222524557 BCX0\" data-contrast=\"auto\"><span class=\"NormalTextRun SCXW222524557 BCX0\">ja hotellid<\/span><\/span><span class=\"TextRun SCXW222524557 BCX0\" lang=\"ET-EE\" data-contrast=\"auto\"><span class=\"NormalTextRun SCXW222524557 BCX0\">\u00a0ning park.<\/span><\/span><span class=\"TextRun SCXW222524557 BCX0\" data-contrast=\"auto\"><span class=\"NormalTextRun SCXW222524557 BCX0\">\u00a0<\/span><\/span><span class=\"TextRun SCXW222524557 BCX0\" lang=\"ET-EE\" data-contrast=\"auto\"><span class=\"NormalTextRun SCXW222524557 BCX0\">Prestii\u017ene\u00a0<\/span><\/span><span class=\"TextRun SCXW222524557 BCX0\" data-contrast=\"auto\"><span class=\"NormalTextRun SCXW222524557 BCX0\">Me\u017eaparks asub 5-minutilise<\/span><\/span><span class=\"TextRun SCXW222524557 BCX0\" lang=\"ET-EE\" data-contrast=\"auto\"><span class=\"NormalTextRun SCXW222524557 BCX0\">\u00a0autos\u00f5idu kaugusel ning \u00fchistranspordiga saab kesklinna\u00a0<\/span><\/span><span class=\"TextRun SCXW222524557 BCX0\" data-contrast=\"auto\"><span class=\"NormalTextRun SCXW222524557 BCX0\">20 minutiga. Kinnistu sobib\u00a0<\/span><span class=\"NormalTextRun SCXW222524557 BCX0\">\u00e4ri- ja eluhoonete rajamiseks<\/span><\/span><span class=\"TextRun SCXW222524557 BCX0\" lang=\"ET-EE\" data-contrast=\"auto\"><span class=\"NormalTextRun SCXW222524557 BCX0\">\u00a0ning Kapitel on\u00a0<\/span><\/span><span class=\"TextRun SCXW222524557 BCX0\" data-contrast=\"auto\"><span class=\"NormalTextRun SCXW222524557 BCX0\">kinnistule v\u00e4lja t\u00f6\u00f6tanud kaks kontseptsiooni<\/span><\/span><span class=\"TextRun SCXW222524557 BCX0\" lang=\"ET-EE\" data-contrast=\"auto\"><span class=\"NormalTextRun SCXW222524557 BCX0\">: p<\/span><\/span><span class=\"TextRun SCXW222524557 BCX0\" data-contrast=\"auto\"><span class=\"NormalTextRun SCXW222524557 BCX0\">iirkonnakauplus ja parkimiskoha<\/span><\/span><span class=\"TextRun SCXW222524557 BCX0\" lang=\"ET-EE\" data-contrast=\"auto\"><span class=\"NormalTextRun SCXW222524557 BCX0\">d\u00a0<\/span><span class=\"NormalTextRun SCXW222524557 BCX0\">v\u00f5i<\/span><span class=\"NormalTextRun SCXW222524557 BCX0\">\u00a0kaks kortermaja\u00a0<\/span><\/span><span class=\"TextRun SCXW222524557 BCX0\" data-contrast=\"auto\"><span class=\"NormalTextRun SCXW222524557 BCX0\">106 korteri<\/span><\/span><span class=\"TextRun SCXW222524557 BCX0\" lang=\"ET-EE\" data-contrast=\"auto\"><span class=\"NormalTextRun SCXW222524557 BCX0\">\u00a0ja\u00a0<\/span><\/span><span class=\"TextRun SCXW222524557 BCX0\" data-contrast=\"auto\"><span class=\"NormalTextRun SCXW222524557 BCX0\">113 parkimiskohaga.\u00a0<\/span><\/span><span class=\"EOP SCXW222524557 BCX0\" data-ccp-props=\"{}\">\u00a0<\/span><\/p>\n","protected":false},"excerpt":{"rendered":"<p>Riia rohelises elamupiirkonnas asuv 5800 m\u00b2 suurune kinnistu sobib \u00e4ri- ja eluhoonete rajamiseks.<\/p>\n","protected":false},"featured_media":0,"template":"","meta":{"_acf_changed":false},"kategooria":[33],"class_list":["post-2200","portfell","type-portfell","status-publish","hentry","kategooria-arenduses-kinnistud","entry"],"acf":[],"yoast_head":"<!-- This site is optimized with the Yoast SEO plugin v27.1 - https:\/\/yoast.com\/product\/yoast-seo-wordpress\/ -->\n<title>Aptiekas 4 kinnistu - Kapitel<\/title>\n<meta name=\"robots\" content=\"index, follow, max-snippet:-1, max-image-preview:large, max-video-preview:-1\" \/>\n<link rel=\"canonical\" href=\"https:\/\/kapitel.ee\/et\/arenduses-kinnistud\/aptiekas-4-kinnistu\/\" \/>\n<meta property=\"og:locale\" content=\"et_EE\" \/>\n<meta property=\"og:type\" content=\"article\" \/>\n<meta property=\"og:title\" content=\"Aptiekas 4 kinnistu - Kapitel\" \/>\n<meta property=\"og:description\" content=\"Riia rohelises elamupiirkonnas asuv 5800 m\u00b2 suurune kinnistu sobib \u00e4ri- ja eluhoonete rajamiseks.\" \/>\n<meta property=\"og:url\" content=\"https:\/\/kapitel.ee\/et\/arenduses-kinnistud\/aptiekas-4-kinnistu\/\" \/>\n<meta property=\"og:site_name\" content=\"Kapitel\" \/>\n<meta property=\"article:modified_time\" content=\"2025-11-11T10:33:31+00:00\" \/>\n<meta name=\"twitter:card\" content=\"summary_large_image\" \/>\n<meta name=\"twitter:label1\" content=\"Est. reading time\" \/>\n\t<meta name=\"twitter:data1\" content=\"1 minut\" \/>\n<script type=\"application\/ld+json\" class=\"yoast-schema-graph\">{\"@context\":\"https:\/\/schema.org\",\"@graph\":[{\"@type\":\"WebPage\",\"@id\":\"https:\/\/kapitel.ee\/et\/arenduses-kinnistud\/aptiekas-4-kinnistu\/\",\"url\":\"https:\/\/kapitel.ee\/et\/arenduses-kinnistud\/aptiekas-4-kinnistu\/\",\"name\":\"Aptiekas 4 kinnistu - Kapitel\",\"isPartOf\":{\"@id\":\"https:\/\/kapitel.ee\/#website\"},\"datePublished\":\"2021-05-18T04:50:53+00:00\",\"dateModified\":\"2025-11-11T10:33:31+00:00\",\"breadcrumb\":{\"@id\":\"https:\/\/kapitel.ee\/et\/arenduses-kinnistud\/aptiekas-4-kinnistu\/#breadcrumb\"},\"inLanguage\":\"et\",\"potentialAction\":[{\"@type\":\"ReadAction\",\"target\":[\"https:\/\/kapitel.ee\/et\/arenduses-kinnistud\/aptiekas-4-kinnistu\/\"]}]},{\"@type\":\"BreadcrumbList\",\"@id\":\"https:\/\/kapitel.ee\/et\/arenduses-kinnistud\/aptiekas-4-kinnistu\/#breadcrumb\",\"itemListElement\":[{\"@type\":\"ListItem\",\"position\":1,\"name\":\"Home\",\"item\":\"https:\/\/kapitel.ee\/et\/\"},{\"@type\":\"ListItem\",\"position\":2,\"name\":\"Aptiekas 4 kinnistu\"}]},{\"@type\":\"WebSite\",\"@id\":\"https:\/\/kapitel.ee\/#website\",\"url\":\"https:\/\/kapitel.ee\/\",\"name\":\"Kapitel\",\"description\":\"\",\"publisher\":{\"@id\":\"https:\/\/kapitel.ee\/#organization\"},\"potentialAction\":[{\"@type\":\"SearchAction\",\"target\":{\"@type\":\"EntryPoint\",\"urlTemplate\":\"https:\/\/kapitel.ee\/?s={search_term_string}\"},\"query-input\":{\"@type\":\"PropertyValueSpecification\",\"valueRequired\":true,\"valueName\":\"search_term_string\"}}],\"inLanguage\":\"et\"},{\"@type\":\"Organization\",\"@id\":\"https:\/\/kapitel.ee\/#organization\",\"name\":\"Kapitel\",\"url\":\"https:\/\/kapitel.ee\/\",\"logo\":{\"@type\":\"ImageObject\",\"inLanguage\":\"et\",\"@id\":\"https:\/\/kapitel.ee\/#\/schema\/logo\/image\/\",\"url\":\"https:\/\/kapitel.ee\/wp-content\/uploads\/2025\/06\/logo.svg\",\"contentUrl\":\"https:\/\/kapitel.ee\/wp-content\/uploads\/2025\/06\/logo.svg\",\"caption\":\"Kapitel\"},\"image\":{\"@id\":\"https:\/\/kapitel.ee\/#\/schema\/logo\/image\/\"}}]}<\/script>\n<!-- \/ Yoast SEO plugin. -->","yoast_head_json":{"title":"Aptiekas 4 kinnistu - Kapitel","robots":{"index":"index","follow":"follow","max-snippet":"max-snippet:-1","max-image-preview":"max-image-preview:large","max-video-preview":"max-video-preview:-1"},"canonical":"https:\/\/kapitel.ee\/et\/arenduses-kinnistud\/aptiekas-4-kinnistu\/","og_locale":"et_EE","og_type":"article","og_title":"Aptiekas 4 kinnistu - Kapitel","og_description":"Riia rohelises elamupiirkonnas asuv 5800 m\u00b2 suurune kinnistu sobib \u00e4ri- ja eluhoonete rajamiseks.","og_url":"https:\/\/kapitel.ee\/et\/arenduses-kinnistud\/aptiekas-4-kinnistu\/","og_site_name":"Kapitel","article_modified_time":"2025-11-11T10:33:31+00:00","twitter_card":"summary_large_image","twitter_misc":{"Est. reading time":"1 minut"},"schema":{"@context":"https:\/\/schema.org","@graph":[{"@type":"WebPage","@id":"https:\/\/kapitel.ee\/et\/arenduses-kinnistud\/aptiekas-4-kinnistu\/","url":"https:\/\/kapitel.ee\/et\/arenduses-kinnistud\/aptiekas-4-kinnistu\/","name":"Aptiekas 4 kinnistu - Kapitel","isPartOf":{"@id":"https:\/\/kapitel.ee\/#website"},"datePublished":"2021-05-18T04:50:53+00:00","dateModified":"2025-11-11T10:33:31+00:00","breadcrumb":{"@id":"https:\/\/kapitel.ee\/et\/arenduses-kinnistud\/aptiekas-4-kinnistu\/#breadcrumb"},"inLanguage":"et","potentialAction":[{"@type":"ReadAction","target":["https:\/\/kapitel.ee\/et\/arenduses-kinnistud\/aptiekas-4-kinnistu\/"]}]},{"@type":"BreadcrumbList","@id":"https:\/\/kapitel.ee\/et\/arenduses-kinnistud\/aptiekas-4-kinnistu\/#breadcrumb","itemListElement":[{"@type":"ListItem","position":1,"name":"Home","item":"https:\/\/kapitel.ee\/et\/"},{"@type":"ListItem","position":2,"name":"Aptiekas 4 kinnistu"}]},{"@type":"WebSite","@id":"https:\/\/kapitel.ee\/#website","url":"https:\/\/kapitel.ee\/","name":"Kapitel","description":"","publisher":{"@id":"https:\/\/kapitel.ee\/#organization"},"potentialAction":[{"@type":"SearchAction","target":{"@type":"EntryPoint","urlTemplate":"https:\/\/kapitel.ee\/?s={search_term_string}"},"query-input":{"@type":"PropertyValueSpecification","valueRequired":true,"valueName":"search_term_string"}}],"inLanguage":"et"},{"@type":"Organization","@id":"https:\/\/kapitel.ee\/#organization","name":"Kapitel","url":"https:\/\/kapitel.ee\/","logo":{"@type":"ImageObject","inLanguage":"et","@id":"https:\/\/kapitel.ee\/#\/schema\/logo\/image\/","url":"https:\/\/kapitel.ee\/wp-content\/uploads\/2025\/06\/logo.svg","contentUrl":"https:\/\/kapitel.ee\/wp-content\/uploads\/2025\/06\/logo.svg","caption":"Kapitel"},"image":{"@id":"https:\/\/kapitel.ee\/#\/schema\/logo\/image\/"}}]}},"_links":{"self":[{"href":"https:\/\/kapitel.ee\/et\/wp-json\/wp\/v2\/portfell\/2200","targetHints":{"allow":["GET"]}}],"collection":[{"href":"https:\/\/kapitel.ee\/et\/wp-json\/wp\/v2\/portfell"}],"about":[{"href":"https:\/\/kapitel.ee\/et\/wp-json\/wp\/v2\/types\/portfell"}],"wp:attachment":[{"href":"https:\/\/kapitel.ee\/et\/wp-json\/wp\/v2\/media?parent=2200"}],"wp:term":[{"taxonomy":"kategooria","embeddable":true,"href":"https:\/\/kapitel.ee\/et\/wp-json\/wp\/v2\/kategooria?post=2200"}],"curies":[{"name":"wp","href":"https:\/\/api.w.org\/{rel}","templated":true}]}}

<p><span class="TextRun SCXW222524557 BCX0" lang="ET-EE" data-contrast="auto"><span class="NormalTextRun SCXW222524557 BCX0">Riia rohelises elamupiirkonnas asuva kinnistu </span></span><span class="TextRun SCXW222524557 BCX0" data-contrast="auto"><span class="NormalTextRun SCXW222524557 BCX0">lähiümbruses </span></span><span class="TextRun SCXW222524557 BCX0" lang="ET-EE" data-contrast="auto"><span class="NormalTextRun SCXW222524557 BCX0">paiknevad</span></span><span class="TextRun SCXW222524557 BCX0" data-contrast="auto"><span class="NormalTextRun SCXW222524557 BCX0"> koolid, kaubanduskeskus, haiglad</span></span><span class="TextRun SCXW222524557 BCX0" lang="ET-EE" data-contrast="auto"><span class="NormalTextRun SCXW222524557 BCX0"> </span></span><span class="TextRun SCXW222524557 BCX0" data-contrast="auto"><span class="NormalTextRun SCXW222524557 BCX0">ja hotellid</span></span><span class="TextRun SCXW222524557 BCX0" lang="ET-EE" data-contrast="auto"><span class="NormalTextRun SCXW222524557 BCX0"> ning park.</span></span><span class="TextRun SCXW222524557 BCX0" data-contrast="auto"><span class="NormalTextRun SCXW222524557 BCX0"> </span></span><span class="TextRun SCXW222524557 BCX0" lang="ET-EE" data-contrast="auto"><span class="NormalTextRun SCXW222524557 BCX0">Prestiižne </span></span><span class="TextRun SCXW222524557 BCX0" data-contrast="auto"><span class="NormalTextRun SCXW222524557 BCX0">Mežaparks asub 5-minutilise</span></span><span class="TextRun SCXW222524557 BCX0" lang="ET-EE" data-contrast="auto"><span class="NormalTextRun SCXW222524557 BCX0"> autosõidu kaugusel ning ühistranspordiga saab kesklinna </span></span><span class="TextRun SCXW222524557 BCX0" data-contrast="auto"><span class="NormalTextRun SCXW222524557 BCX0">20 minutiga. Kinnistu sobib </span><span class="NormalTextRun SCXW222524557 BCX0">äri- ja eluhoonete rajamiseks</span></span><span class="TextRun SCXW222524557 BCX0" lang="ET-EE" data-contrast="auto"><span class="NormalTextRun SCXW222524557 BCX0"> ning Kapitel on </span></span><span class="TextRun SCXW222524557 BCX0" data-contrast="auto"><span class="NormalTextRun SCXW222524557 BCX0">kinnistule välja töötanud kaks kontseptsiooni</span></span><span class="TextRun SCXW222524557 BCX0" lang="ET-EE" data-contrast="auto"><span class="NormalTextRun SCXW222524557 BCX0">: p</span></span><span class="TextRun SCXW222524557 BCX0" data-contrast="auto"><span class="NormalTextRun SCXW222524557 BCX0">iirkonnakauplus ja parkimiskoha</span></span><span class="TextRun SCXW222524557 BCX0" lang="ET-EE" data-contrast="auto"><span class="NormalTextRun SCXW222524557 BCX0">d </span><span class="NormalTextRun SCXW222524557 BCX0">või</span><span class="NormalTextRun SCXW222524557 BCX0"> kaks kortermaja </span></span><span class="TextRun SCXW222524557 BCX0" data-contrast="auto"><span class="NormalTextRun SCXW222524557 BCX0">106 korteri</span></span><span class="TextRun SCXW222524557 BCX0" lang="ET-EE" data-contrast="auto"><span class="NormalTextRun SCXW222524557 BCX0"> ja </span></span><span class="TextRun SCXW222524557 BCX0" data-contrast="auto"><span class="NormalTextRun SCXW222524557 BCX0">113 parkimiskohaga. </span></span><span class="EOP SCXW222524557 BCX0" data-ccp-props="{}"> </span></p>

<p>Riia rohelises elamupiirkonnas asuv 5800 m² suurune kinnistu sobib äri- ja eluhoonete rajamiseks.</p>

<!-- This site is optimized with the Yoast SEO plugin v27.1 - https://yoast.com/product/yoast-seo-wordpress/ -->
<title>Aptiekas 4 kinnistu - Kapitel</title>
<meta name="robots" content="index, follow, max-snippet:-1, max-image-preview:large, max-video-preview:-1" />
<link rel="canonical" href="https://kapitel.ee/et/arenduses-kinnistud/aptiekas-4-kinnistu/" />
<meta property="og:locale" content="et_EE" />
<meta property="og:type" content="article" />
<meta property="og:title" content="Aptiekas 4 kinnistu - Kapitel" />
<meta property="og:description" content="Riia rohelises elamupiirkonnas asuv 5800 m² suurune kinnistu sobib äri- ja eluhoonete rajamiseks." />
<meta property="og:url" content="https://kapitel.ee/et/arenduses-kinnistud/aptiekas-4-kinnistu/" />
<meta property="og:site_name" content="Kapitel" />
<meta property="article:modified_time" content="2025-11-11T10:33:31+00:00" />
<meta name="twitter:card" content="summary_large_image" />
<meta name="twitter:label1" content="Est. reading time" />
	<meta name="twitter:data1" content="1 minut" />
<script type="application/ld+json" class="yoast-schema-graph">{"@context":"https://schema.org","@graph":[{"@type":"WebPage","@id":"https://kapitel.ee/et/arenduses-kinnistud/aptiekas-4-kinnistu/","url":"https://kapitel.ee/et/arenduses-kinnistud/aptiekas-4-kinnistu/","name":"Aptiekas 4 kinnistu - Kapitel","isPartOf":{"@id":"https://kapitel.ee/#website"},"datePublished":"2021-05-18T04:50:53+00:00","dateModified":"2025-11-11T10:33:31+00:00","breadcrumb":{"@id":"https://kapitel.ee/et/arenduses-kinnistud/aptiekas-4-kinnistu/#breadcrumb"},"inLanguage":"et","potentialAction":[{"@type":"ReadAction","target":["https://kapitel.ee/et/arenduses-kinnistud/aptiekas-4-kinnistu/"]}]},{"@type":"BreadcrumbList","@id":"https://kapitel.ee/et/arenduses-kinnistud/aptiekas-4-kinnistu/#breadcrumb","itemListElement":[{"@type":"ListItem","position":1,"name":"Home","item":"https://kapitel.ee/et/"},{"@type":"ListItem","position":2,"name":"Aptiekas 4 kinnistu"}]},{"@type":"WebSite","@id":"https://kapitel.ee/#website","url":"https://kapitel.ee/","name":"Kapitel","description":"","publisher":{"@id":"https://kapitel.ee/#organization"},"potentialAction":[{"@type":"SearchAction","target":{"@type":"EntryPoint","urlTemplate":"https://kapitel.ee/?s={search_term_string}"},"query-input":{"@type":"PropertyValueSpecification","valueRequired":true,"valueName":"search_term_string"}}],"inLanguage":"et"},{"@type":"Organization","@id":"https://kapitel.ee/#organization","name":"Kapitel","url":"https://kapitel.ee/","logo":{"@type":"ImageObject","inLanguage":"et","@id":"https://kapitel.ee/#/schema/logo/image/","url":"https://kapitel.ee/wp-content/uploads/2025/06/logo.svg","contentUrl":"https://kapitel.ee/wp-content/uploads/2025/06/logo.svg","caption":"Kapitel"},"image":{"@id":"https://kapitel.ee/#/schema/logo/image/"}}]}</script>
<!-- / Yoast SEO plugin. -->

Riia rohelises elamupiirkonnas asuv 5800 m² suurune kinnistu sobib äri- ja eluhoonete rajamiseks.
